[INFO] cloning repository https://github.com/Dooskington/LD46-Lighthouse-Keeper
[INFO] running `Command { std: "git" "-c" "credential.helper=" "-c" "credential.helper=/workspace/cargo-home/bin/git-credential-null" "clone" "--bare" "https://github.com/Dooskington/LD46-Lighthouse-Keeper" "/workspace/cache/git-repos/https%3A%2F%2Fgithub.com%2FDooskington%2FLD46-Lighthouse-Keeper", kill_on_drop: false }`
[INFO] [stderr] Cloning into bare repository '/workspace/cache/git-repos/https%3A%2F%2Fgithub.com%2FDooskington%2FLD46-Lighthouse-Keeper'...
[INFO] running `Command { std: "git" "rev-parse" "HEAD", kill_on_drop: false }`
[INFO] [stdout] 59946063e274893205460f393c448652d62b26b8
[INFO] checking Dooskington/LD46-Lighthouse-Keeper against master#af3c6e733a40e671550e0f0f5aeecaa13772ba56 for pr-74989
[INFO] running `Command { std: "git" "clone" "/workspace/cache/git-repos/https%3A%2F%2Fgithub.com%2FDooskington%2FLD46-Lighthouse-Keeper" "/workspace/builds/worker-8/source", kill_on_drop: false }`
[INFO] [stderr] Cloning into '/workspace/builds/worker-8/source'...
[INFO] [stderr] done.
[INFO] validating manifest of git repo https://github.com/Dooskington/LD46-Lighthouse-Keeper on toolchain af3c6e733a40e671550e0f0f5aeecaa13772ba56
[INFO] running `Command { std: "/workspace/cargo-home/bin/cargo" "+af3c6e733a40e671550e0f0f5aeecaa13772ba56" "read-manifest" "--manifest-path" "Cargo.toml", kill_on_drop: false }`
[INFO] started tweaking git repo https://github.com/Dooskington/LD46-Lighthouse-Keeper
[INFO] removed path dependency gfx from git repo https://github.com/Dooskington/LD46-Lighthouse-Keeper
[INFO] finished tweaking git repo https://github.com/Dooskington/LD46-Lighthouse-Keeper
[INFO] tweaked toml for git repo https://github.com/Dooskington/LD46-Lighthouse-Keeper written to /workspace/builds/worker-8/source/Cargo.toml
[INFO] crate git repo https://github.com/Dooskington/LD46-Lighthouse-Keeper already has a lockfile, it will not be regenerated
[INFO] running `Command { std: "/workspace/cargo-home/bin/cargo" "+af3c6e733a40e671550e0f0f5aeecaa13772ba56" "fetch" "--locked" "--manifest-path" "Cargo.toml", kill_on_drop: false }`
[INFO] [stderr] warning: dependency (gfx) specified without providing a local path, Git repository, or version to use. This will be considered an error in future versions
[INFO] [stderr]     Updating crates.io index
[INFO] [stderr] error: the lock file /workspace/builds/worker-8/source/Cargo.lock needs to be updated but --locked was passed to prevent this
[INFO] [stderr] If you want to try to generate the lock file without accessing the network, use the --offline flag.
[INFO] the lockfile is outdated, regenerating it
[INFO] running `Command { std: "/workspace/cargo-home/bin/cargo" "+af3c6e733a40e671550e0f0f5aeecaa13772ba56" "generate-lockfile" "--manifest-path" "Cargo.toml" "-Zno-index-update", kill_on_drop: false }`
[INFO] running `Command { std: "/workspace/cargo-home/bin/cargo" "+af3c6e733a40e671550e0f0f5aeecaa13772ba56" "fetch" "--locked" "--manifest-path" "Cargo.toml", kill_on_drop: false }`
[INFO] [stderr] warning: dependency (gfx) specified without providing a local path, Git repository, or version to use. This will be considered an error in future versions
[INFO] running `Command { std: "docker" "create" "-v" "/var/lib/crater-agent-workspace/builds/worker-8/target:/opt/rustwide/target:rw,Z" "-v" "/var/lib/crater-agent-workspace/builds/worker-8/source:/opt/rustwide/workdir:ro,Z" "-v" "/var/lib/crater-agent-workspace/cargo-home:/opt/rustwide/cargo-home:ro,Z" "-v" "/var/lib/crater-agent-workspace/rustup-home:/opt/rustwide/rustup-home:ro,Z" "-e" "SOURCE_DIR=/opt/rustwide/workdir" "-e" "CARGO_TARGET_DIR=/opt/rustwide/target" "-e" "CARGO_HOME=/opt/rustwide/cargo-home" "-e" "RUSTUP_HOME=/opt/rustwide/rustup-home" "-w" "/opt/rustwide/workdir" "-m" "1610612736" "--user" "0:0" "--network" "none" "rustops/crates-build-env@sha256:d92eaeed33fa75130ca1ee6c8a01d1ffb62bac859dfdfb3450e3e5d1c0146529" "/opt/rustwide/cargo-home/bin/cargo" "+af3c6e733a40e671550e0f0f5aeecaa13772ba56" "metadata" "--no-deps" "--format-version=1", kill_on_drop: false }`
[INFO] [stderr] WARNING: Your kernel does not support swap limit capabilities or the cgroup is not mounted. Memory limited without swap.
[INFO] [stdout] b55fce133b9804827260a3da0a14fe71dee7f28f1d86f7f22fc6cb89ab00f740
[INFO] running `Command { std: "docker" "start" "-a" "b55fce133b9804827260a3da0a14fe71dee7f28f1d86f7f22fc6cb89ab00f740", kill_on_drop: false }`
[INFO] running `Command { std: "docker" "inspect" "b55fce133b9804827260a3da0a14fe71dee7f28f1d86f7f22fc6cb89ab00f740", kill_on_drop: false }`
[INFO] running `Command { std: "docker" "rm" "-f" "b55fce133b9804827260a3da0a14fe71dee7f28f1d86f7f22fc6cb89ab00f740", kill_on_drop: false }`
[INFO] [stdout] b55fce133b9804827260a3da0a14fe71dee7f28f1d86f7f22fc6cb89ab00f740
[INFO] running `Command { std: "docker" "create" "-v" "/var/lib/crater-agent-workspace/builds/worker-8/target:/opt/rustwide/target:rw,Z" "-v" "/var/lib/crater-agent-workspace/builds/worker-8/source:/opt/rustwide/workdir:ro,Z" "-v" "/var/lib/crater-agent-workspace/cargo-home:/opt/rustwide/cargo-home:ro,Z" "-v" "/var/lib/crater-agent-workspace/rustup-home:/opt/rustwide/rustup-home:ro,Z" "-e" "SOURCE_DIR=/opt/rustwide/workdir" "-e" "CARGO_TARGET_DIR=/opt/rustwide/target" "-e" "CARGO_INCREMENTAL=0" "-e" "RUST_BACKTRACE=full" "-e" "RUSTFLAGS=--cap-lints=forbid" "-e" "CARGO_HOME=/opt/rustwide/cargo-home" "-e" "RUSTUP_HOME=/opt/rustwide/rustup-home" "-w" "/opt/rustwide/workdir" "-m" "1610612736" "--user" "0:0" "--network" "none" "rustops/crates-build-env@sha256:d92eaeed33fa75130ca1ee6c8a01d1ffb62bac859dfdfb3450e3e5d1c0146529" "/opt/rustwide/cargo-home/bin/cargo" "+af3c6e733a40e671550e0f0f5aeecaa13772ba56" "check" "--frozen" "--all" "--all-targets" "--message-format=json", kill_on_drop: false }`
[INFO] [stdout] b0c1850c5ab164d17a481bef0a98779d7a79651fd2764995077f82ff52aa9915
[INFO] [stderr] WARNING: Your kernel does not support swap limit capabilities or the cgroup is not mounted. Memory limited without swap.
[INFO] running `Command { std: "docker" "start" "-a" "b0c1850c5ab164d17a481bef0a98779d7a79651fd2764995077f82ff52aa9915", kill_on_drop: false }`
[INFO] [stderr] warning: dependency (gfx) specified without providing a local path, Git repository, or version to use. This will be considered an error in future versions
[INFO] [stderr]    Compiling autocfg v1.0.1
[INFO] [stderr]    Compiling libm v0.2.1
[INFO] [stderr]     Checking lazy_static v1.4.0
[INFO] [stderr]    Compiling rayon-core v1.8.0
[INFO] [stderr]    Compiling bitflags v1.2.1
[INFO] [stderr]    Compiling unicode-xid v0.2.1
[INFO] [stderr]     Checking scopeguard v1.1.0
[INFO] [stderr]    Compiling version_check v0.9.2
[INFO] [stderr]    Compiling syn v1.0.40
[INFO] [stderr]     Checking either v1.6.0
[INFO] [stderr]    Compiling typenum v1.12.0
[INFO] [stderr]    Compiling byteorder v1.3.4
[INFO] [stderr]    Compiling log v0.4.11
[INFO] [stderr]     Checking rawpointer v0.2.1
[INFO] [stderr]    Compiling cpal v0.11.0
[INFO] [stderr]     Checking fixedbitset v0.2.0
[INFO] [stderr]     Checking mopa v0.2.2
[INFO] [stderr]     Checking slotmap v0.4.0
[INFO] [stderr]     Checking slab v0.4.2
[INFO] [stderr]     Checking atom v0.3.5
[INFO] [stderr]     Checking arrayvec v0.5.1
[INFO] [stderr]     Checking hound v3.4.0
[INFO] [stderr]     Checking shrev v1.1.1
[INFO] [stderr]     Checking tuple_utils v0.3.0
[INFO] [stderr]     Checking generational-arena v0.2.8
[INFO] [stderr]    Compiling alsa-sys v0.1.2
[INFO] [stderr]    Compiling minimp3-sys v0.3.2
[INFO] [stderr]     Checking matrixmultiply v0.2.3
[INFO] [stderr]    Compiling proc-macro2 v1.0.21
[INFO] [stderr]     Checking getrandom v0.1.15
[INFO] [stderr]     Checking time v0.1.44
[INFO] [stderr]     Checking draw_state v0.8.0
[INFO] [stderr]    Compiling nom v5.1.2
[INFO] [stderr]    Compiling num-traits v0.2.12
[INFO] [stderr]    Compiling crossbeam-utils v0.7.2
[INFO] [stderr]    Compiling memoffset v0.5.5
[INFO] [stderr]    Compiling crossbeam-epoch v0.8.2
[INFO] [stderr]    Compiling num-complex v0.2.4
[INFO] [stderr]    Compiling num-integer v0.1.43
[INFO] [stderr]    Compiling indexmap v1.6.0
[INFO] [stderr]    Compiling num-rational v0.2.4
[INFO] [stderr]    Compiling rayon v1.4.0
[INFO] [stderr]    Compiling hashbrown v0.7.2
[INFO] [stderr]     Checking rand_core v0.5.1
[INFO] [stderr]     Checking instant v0.1.6
[INFO] [stderr]     Checking ogg v0.7.0
[INFO] [stderr]    Compiling quote v1.0.7
[INFO] [stderr]     Checking gfx_core v0.9.2
[INFO] [stderr]     Checking rand_chacha v0.2.2
[INFO] [stderr]     Checking lewton v0.10.1
[INFO] [stderr]     Checking minimp3 v0.3.5
[INFO] [stderr]     Checking rand v0.7.3
[INFO] [stderr]     Checking petgraph v0.5.1
[INFO] [stderr]     Checking crossbeam-channel v0.4.4
[INFO] [stderr]     Checking crossbeam-queue v0.2.3
[INFO] [stderr]     Checking generic-array v0.13.2
[INFO] [stderr]     Checking crossbeam-deque v0.7.3
[INFO] [stderr]     Checking approx v0.3.2
[INFO] [stderr]     Checking rand_distr v0.2.2
[INFO] [stderr]     Checking gfx v0.18.2
[INFO] [stderr]     Checking alga v0.9.3
[INFO] [stderr]     Checking tynm v0.1.4
[INFO] [stderr]     Checking nalgebra v0.20.0
[INFO] [stderr]     Checking shred v0.10.2
[INFO] [stderr]     Checking hibitset v0.6.3
[INFO] [stderr]     Checking specs v0.16.1
[INFO] [stderr]    Compiling thiserror-impl v1.0.20
[INFO] [stderr]     Checking thiserror v1.0.20
[INFO] [stderr]     Checking rodio v0.11.0
[INFO] [stderr]     Checking ncollide2d v0.22.0
[INFO] [stderr]     Checking nphysics2d v0.14.0
[INFO] [stderr]     Checking ld46 v0.1.0 (/opt/rustwide/workdir)
[INFO] [stdout] error[E0432]: unresolved import `gfx::input`
[INFO] [stdout]  --> src/game/clickable.rs:2:10
[INFO] [stdout]   |
[INFO] [stdout] 2 | use gfx::input::*;
[INFO] [stdout]   |          ^^^^^ could not find `input` in `gfx`
[INFO] [stdout] 
[INFO] [stdout] 
[INFO] [stdout] error[E0432]: unresolved import `gfx::input`
[INFO] [stdout]  --> src/game/merchant.rs:2:10
[INFO] [stdout]   |
[INFO] [stdout] 2 | use gfx::input::*;
[INFO] [stdout]   |          ^^^^^ could not find `input` in `gfx`
[INFO] [stdout] 
[INFO] [stdout] 
[INFO] [stdout] error[E0432]: unresolved imports `gfx::color`, `gfx::renderer`, `gfx::sprite`, `gfx::Point2f`, `gfx::Vector2f`
[INFO] [stdout]   --> src/game/render.rs:7:5
[INFO] [stdout]    |
[INFO] [stdout] 7  |     color::*,
[INFO] [stdout]    |     ^^^^^ could not find `color` in `gfx`
[INFO] [stdout] 8  |     renderer::{Renderable, TextureId, Transparency},
[INFO] [stdout]    |     ^^^^^^^^ could not find `renderer` in `gfx`
[INFO] [stdout] 9  |     sprite::*,
[INFO] [stdout]    |     ^^^^^^ could not find `sprite` in `gfx`
[INFO] [stdout] 10 |     Point2f, Vector2f,
[INFO] [stdout]    |     ^^^^^^^  ^^^^^^^^ no `Vector2f` in the root
[INFO] [stdout]    |     |
[INFO] [stdout]    |     no `Point2f` in the root
[INFO] [stdout] 
[INFO] [stdout] 
[INFO] [stdout] error[E0432]: unresolved import `gfx::input`
[INFO] [stdout]  --> src/game/clickable.rs:2:10
[INFO] [stdout]   |
[INFO] [stdout] 2 | use gfx::input::*;
[INFO] [stdout]   |          ^^^^^ could not find `input` in `gfx`
[INFO] [stdout] 
[INFO] [stdout] 
[INFO] [stdout] error[E0432]: unresolved import `gfx::renderer`
[INFO] [stdout]  --> src/game/resources.rs:1:10
[INFO] [stdout]   |
[INFO] [stdout] 1 | use gfx::renderer::TextureId;
[INFO] [stdout]   |          ^^^^^^^^ could not find `renderer` in `gfx`
[INFO] [stdout] 
[INFO] [stdout] 
[INFO] [stdout] error[E0432]: unresolved import `gfx::input`
[INFO] [stdout]  --> src/game/log.rs:2:10
[INFO] [stdout]   |
[INFO] [stdout] 2 | use gfx::input::*;
[INFO] [stdout]   |          ^^^^^ could not find `input` in `gfx`
[INFO] [stdout] 
[INFO] [stdout] 
[INFO] [stdout] error[E0432]: unresolved imports `gfx::color`, `gfx::renderer`, `gfx::sprite`
[INFO] [stdout]   --> src/game/mod.rs:18:11
[INFO] [stdout]    |
[INFO] [stdout] 18 | use gfx::{color::*, renderer::Transparency, sprite::SpriteRegion};
[INFO] [stdout]    |           ^^^^^     ^^^^^^^^                ^^^^^^ could not find `sprite` in `gfx`
[INFO] [stdout]    |           |         |
[INFO] [stdout]    |           |         could not find `renderer` in `gfx`
[INFO] [stdout]    |           could not find `color` in `gfx`
[INFO] [stdout] 
[INFO] [stdout] 
[INFO] [stdout] error[E0432]: unresolved imports `gfx::color`, `gfx::image`, `gfx::input`, `gfx::renderer`, `gfx::window`, `gfx::window`, `crate::game::Point2d`, `crate::game::Point2d`, `crate::game::Point2d`, `crate::game::Vector2d`, `crate::game::PIXELS_PER_WORLD_UNIT`, `crate::game::PIXELS_TO_WORLD_UNITS`, `crate::game::Point2d`, `crate::game::Vector2d`, `crate::game::Point2f`, `crate::game::Vector2d`, `crate::game::Vector2f`, `crate::game::Point2d`
[INFO] [stdout]   --> src/main.rs:15:5
[INFO] [stdout]    |
[INFO] [stdout] 15 |     color::*,
[INFO] [stdout]    |     ^^^^^ could not find `color` in `gfx`
[INFO] [stdout] 16 |     image::*,
[INFO] [stdout]    |     ^^^^^ could not find `image` in `gfx`
[INFO] [stdout] 17 |     input::InputState,
[INFO] [stdout]    |     ^^^^^ could not find `input` in `gfx`
[INFO] [stdout] 18 |     renderer::*,
[INFO] [stdout]    |     ^^^^^^^^ could not find `renderer` in `gfx`
[INFO] [stdout] 19 |     texture::*,
[INFO] [stdout] 20 |     window::{self, *},
[INFO] [stdout]    |     ^^^^^^   ^^^^ no `window` in the root
[INFO] [stdout]    |     |
[INFO] [stdout]    |     could not find `window` in `gfx`
[INFO] [stdout]    | 
[INFO] [stdout]   ::: src/game/clickable.rs:1:31
[INFO] [stdout]    |
[INFO] [stdout] 1  | use crate::game::{physics::*, Point2d, *};
[INFO] [stdout]    |                               ^^^^^^^
[INFO] [stdout]    | 
[INFO] [stdout]   ::: src/game/merchant.rs:1:31
[INFO] [stdout]    |
[INFO] [stdout] 1  | use crate::game::{physics::*, Point2d, *};
[INFO] [stdout]    |                               ^^^^^^^
[INFO] [stdout]    | 
[INFO] [stdout]   ::: src/game/physics.rs:2:61
[INFO] [stdout]    |
[INFO] [stdout] 2  |     render::SpriteComponent, transform::TransformComponent, Point2d, Vector2d,
[INFO] [stdout]    |                                                             ^^^^^^^  ^^^^^^^^
[INFO] [stdout] 3  |     PIXELS_PER_WORLD_UNIT, PIXELS_TO_WORLD_UNITS,
[INFO] [stdout]    |     ^^^^^^^^^^^^^^^^^^^^^  ^^^^^^^^^^^^^^^^^^^^^
[INFO] [stdout]    | 
[INFO] [stdout]   ::: src/game/render.rs:4:5
[INFO] [stdout]    |
[INFO] [stdout] 4  |     Point2d, Vector2d,
[INFO] [stdout]    |     ^^^^^^^  ^^^^^^^^
[INFO] [stdout]    | 
[INFO] [stdout]   ::: src/game/transform.rs:1:19
[INFO] [stdout]    |
[INFO] [stdout] 1  | use crate::game::{Point2f, Vector2d, Vector2f};
[INFO] [stdout]    |                   ^^^^^^^  ^^^^^^^^  ^^^^^^^^
[INFO] [stdout]    | 
[INFO] [stdout]   ::: src/game/log.rs:1:31
[INFO] [stdout]    |
[INFO] [stdout] 1  | use crate::game::{physics::*, Point2d, *};
[INFO] [stdout]    |                               ^^^^^^^
[INFO] [stdout] 
[INFO] [stdout] 
[INFO] [stdout] error[E0432]: unresolved import `gfx::input`
[INFO] [stdout]  --> src/game/merchant.rs:2:10
[INFO] [stdout]   |
[INFO] [stdout] 2 | use gfx::input::*;
[INFO] [stdout]   |          ^^^^^ could not find `input` in `gfx`
[INFO] [stdout] 
[INFO] [stdout] 
[INFO] [stdout] error[E0432]: unresolved imports `gfx::color`, `gfx::renderer`, `gfx::sprite`, `gfx::Point2f`, `gfx::Vector2f`
[INFO] [stdout]   --> src/game/render.rs:7:5
[INFO] [stdout]    |
[INFO] [stdout] 7  |     color::*,
[INFO] [stdout]    |     ^^^^^ could not find `color` in `gfx`
[INFO] [stdout] 8  |     renderer::{Renderable, TextureId, Transparency},
[INFO] [stdout]    |     ^^^^^^^^ could not find `renderer` in `gfx`
[INFO] [stdout] 9  |     sprite::*,
[INFO] [stdout]    |     ^^^^^^ could not find `sprite` in `gfx`
[INFO] [stdout] 10 |     Point2f, Vector2f,
[INFO] [stdout]    |     ^^^^^^^  ^^^^^^^^ no `Vector2f` in the root
[INFO] [stdout]    |     |
[INFO] [stdout]    |     no `Point2f` in the root
[INFO] [stdout] 
[INFO] [stdout] 
[INFO] [stdout] error[E0432]: unresolved import `gfx::renderer`
[INFO] [stdout]  --> src/game/resources.rs:1:10
[INFO] [stdout]   |
[INFO] [stdout] 1 | use gfx::renderer::TextureId;
[INFO] [stdout]   |          ^^^^^^^^ could not find `renderer` in `gfx`
[INFO] [stdout] 
[INFO] [stdout] 
[INFO] [stdout] error[E0432]: unresolved import `gfx::input`
[INFO] [stdout]  --> src/game/log.rs:2:10
[INFO] [stdout]   |
[INFO] [stdout] 2 | use gfx::input::*;
[INFO] [stdout]   |          ^^^^^ could not find `input` in `gfx`
[INFO] [stdout] 
[INFO] [stdout] 
[INFO] [stdout] error[E0432]: unresolved imports `gfx::color`, `gfx::renderer`, `gfx::sprite`
[INFO] [stdout]   --> src/game/mod.rs:18:11
[INFO] [stdout]    |
[INFO] [stdout] 18 | use gfx::{color::*, renderer::Transparency, sprite::SpriteRegion};
[INFO] [stdout]    |           ^^^^^     ^^^^^^^^                ^^^^^^ could not find `sprite` in `gfx`
[INFO] [stdout]    |           |         |
[INFO] [stdout]    |           |         could not find `renderer` in `gfx`
[INFO] [stdout]    |           could not find `color` in `gfx`
[INFO] [stdout] 
[INFO] [stdout] 
[INFO] [stdout] error[E0432]: unresolved imports `gfx::color`, `gfx::image`, `gfx::input`, `gfx::renderer`, `gfx::window`, `gfx::window`, `crate::game::Point2d`, `crate::game::Point2d`, `crate::game::Point2d`, `crate::game::Vector2d`, `crate::game::PIXELS_PER_WORLD_UNIT`, `crate::game::PIXELS_TO_WORLD_UNITS`, `crate::game::Point2d`, `crate::game::Vector2d`, `crate::game::Point2f`, `crate::game::Vector2d`, `crate::game::Vector2f`, `crate::game::Point2d`
[INFO] [stdout]   --> src/main.rs:15:5
[INFO] [stdout]    |
[INFO] [stdout] 15 |     color::*,
[INFO] [stdout]    |     ^^^^^ could not find `color` in `gfx`
[INFO] [stdout] 16 |     image::*,
[INFO] [stdout]    |     ^^^^^ could not find `image` in `gfx`
[INFO] [stdout] 17 |     input::InputState,
[INFO] [stdout]    |     ^^^^^ could not find `input` in `gfx`
[INFO] [stdout] 18 |     renderer::*,
[INFO] [stdout]    |     ^^^^^^^^ could not find `renderer` in `gfx`
[INFO] [stdout] 19 |     texture::*,
[INFO] [stdout] 20 |     window::{self, *},
[INFO] [stdout]    |     ^^^^^^   ^^^^ no `window` in the root
[INFO] [stdout]    |     |
[INFO] [stdout]    |     could not find `window` in `gfx`
[INFO] [stdout]    | 
[INFO] [stdout]   ::: src/game/clickable.rs:1:31
[INFO] [stdout]    |
[INFO] [stdout] 1  | use crate::game::{physics::*, Point2d, *};
[INFO] [stdout]    |                               ^^^^^^^
[INFO] [stdout]    | 
[INFO] [stdout]   ::: src/game/merchant.rs:1:31
[INFO] [stdout]    |
[INFO] [stdout] 1  | use crate::game::{physics::*, Point2d, *};
[INFO] [stdout]    |                               ^^^^^^^
[INFO] [stdout]    | 
[INFO] [stdout]   ::: src/game/physics.rs:2:61
[INFO] [stdout]    |
[INFO] [stdout] 2  |     render::SpriteComponent, transform::TransformComponent, Point2d, Vector2d,
[INFO] [stdout]    |                                                             ^^^^^^^  ^^^^^^^^
[INFO] [stdout] 3  |     PIXELS_PER_WORLD_UNIT, PIXELS_TO_WORLD_UNITS,
[INFO] [stdout]    |     ^^^^^^^^^^^^^^^^^^^^^  ^^^^^^^^^^^^^^^^^^^^^
[INFO] [stdout]    | 
[INFO] [stdout]   ::: src/game/render.rs:4:5
[INFO] [stdout]    |
[INFO] [stdout] 4  |     Point2d, Vector2d,
[INFO] [stdout]    |     ^^^^^^^  ^^^^^^^^
[INFO] [stdout]    | 
[INFO] [stdout]   ::: src/game/transform.rs:1:19
[INFO] [stdout]    |
[INFO] [stdout] 1  | use crate::game::{Point2f, Vector2d, Vector2f};
[INFO] [stdout]    |                   ^^^^^^^  ^^^^^^^^  ^^^^^^^^
[INFO] [stdout]    | 
[INFO] [stdout]   ::: src/game/log.rs:1:31
[INFO] [stdout]    |
[INFO] [stdout] 1  | use crate::game::{physics::*, Point2d, *};
[INFO] [stdout]    |                               ^^^^^^^
[INFO] [stdout] 
[INFO] [stdout] 
[INFO] [stdout] error[E0433]: failed to resolve: use of undeclared type or module `MouseButton`
[INFO] [stdout]   --> src/game/clickable.rs:81:50
[INFO] [stdout]    |
[INFO] [stdout] 81 |                 if input.is_mouse_button_pressed(MouseButton::Left) {
[INFO] [stdout]    |                                                  ^^^^^^^^^^^ use of undeclared type or module `MouseButton`
[INFO] [stdout] 
[INFO] [stdout] 
[INFO] [stdout] error[E0433]: failed to resolve: use of undeclared type or module `MouseButton`
[INFO] [stdout]   --> src/game/clickable.rs:86:58
[INFO] [stdout]    |
[INFO] [stdout] 86 |                 } else if input.is_mouse_button_released(MouseButton::Left) {
[INFO] [stdout]    |                                                          ^^^^^^^^^^^ use of undeclared type or module `MouseButton`
[INFO] [stdout] 
[INFO] [stdout] 
[INFO] [stdout] error[E0433]: failed to resolve: use of undeclared type or module `MouseButton`
[INFO] [stdout]   --> src/game/clickable.rs:92:55
[INFO] [stdout]    |
[INFO] [stdout] 92 |                 } else if !input.is_mouse_button_held(MouseButton::Left) {
[INFO] [stdout]    |                                                       ^^^^^^^^^^^ use of undeclared type or module `MouseButton`
[INFO] [stdout] 
[INFO] [stdout] 
[INFO] [stdout] error[E0433]: failed to resolve: use of undeclared type or module `VirtualKeyCode`
[INFO] [stdout]    --> src/game/merchant.rs:153:37
[INFO] [stdout]     |
[INFO] [stdout] 153 |             if input.is_key_pressed(VirtualKeyCode::Key1) {
[INFO] [stdout]     |                                     ^^^^^^^^^^^^^^ use of undeclared type or module `VirtualKeyCode`
[INFO] [stdout] 
[INFO] [stdout] 
[INFO] [stdout] error[E0433]: failed to resolve: use of undeclared type or module `VirtualKeyCode`
[INFO] [stdout]    --> src/game/merchant.rs:162:44
[INFO] [stdout]     |
[INFO] [stdout] 162 |             } else if input.is_key_pressed(VirtualKeyCode::Key2) {
[INFO] [stdout]     |                                            ^^^^^^^^^^^^^^ use of undeclared type or module `VirtualKeyCode`
[INFO] [stdout] 
[INFO] [stdout] 
[INFO] [stdout] error[E0433]: failed to resolve: use of undeclared type or module `VirtualKeyCode`
[INFO] [stdout]    --> src/game/merchant.rs:171:44
[INFO] [stdout]     |
[INFO] [stdout] 171 |             } else if input.is_key_pressed(VirtualKeyCode::Key3) {
[INFO] [stdout]     |                                            ^^^^^^^^^^^^^^ use of undeclared type or module `VirtualKeyCode`
[INFO] [stdout] 
[INFO] [stdout] 
[INFO] [stdout] error[E0433]: failed to resolve: could not find `renderer` in `gfx`
[INFO] [stdout]   --> src/game/render.rs:18:24
[INFO] [stdout]    |
[INFO] [stdout] 18 |     commands: Vec<gfx::renderer::RenderCommand>,
[INFO] [stdout]    |                        ^^^^^^^^ could not find `renderer` in `gfx`
[INFO] [stdout] 
[INFO] [stdout] 
[INFO] [stdout] error[E0433]: failed to resolve: use of undeclared type or module `MouseButton`
[INFO] [stdout]   --> src/game/clickable.rs:81:50
[INFO] [stdout]    |
[INFO] [stdout] 81 |                 if input.is_mouse_button_pressed(MouseButton::Left) {
[INFO] [stdout]    |                                                  ^^^^^^^^^^^ use of undeclared type or module `MouseButton`
[INFO] [stdout] 
[INFO] [stdout] 
[INFO] [stdout] error[E0433]: failed to resolve: use of undeclared type or module `MouseButton`
[INFO] [stdout]   --> src/game/clickable.rs:86:58
[INFO] [stdout]    |
[INFO] [stdout] 86 |                 } else if input.is_mouse_button_released(MouseButton::Left) {
[INFO] [stdout]    |                                                          ^^^^^^^^^^^ use of undeclared type or module `MouseButton`
[INFO] [stdout] 
[INFO] [stdout] 
[INFO] [stdout] error[E0433]: failed to resolve: use of undeclared type or module `MouseButton`
[INFO] [stdout]   --> src/game/clickable.rs:92:55
[INFO] [stdout]    |
[INFO] [stdout] 92 |                 } else if !input.is_mouse_button_held(MouseButton::Left) {
[INFO] [stdout]    |                                                       ^^^^^^^^^^^ use of undeclared type or module `MouseButton`
[INFO] [stdout] 
[INFO] [stdout] 
[INFO] [stdout] error[E0433]: failed to resolve: could not find `renderer` in `gfx`
[INFO] [stdout]   --> src/game/render.rs:56:33
[INFO] [stdout]    |
[INFO] [stdout] 56 |         self.commands.push(gfx::renderer::RenderCommand {
[INFO] [stdout]    |                                 ^^^^^^^^ could not find `renderer` in `gfx`
[INFO] [stdout] 
[INFO] [stdout] 
[INFO] [stdout] error[E0433]: failed to resolve: could not find `renderer` in `gfx`
[INFO] [stdout]   --> src/game/render.rs:78:37
[INFO] [stdout]    |
[INFO] [stdout] 78 |             self.commands.push(gfx::renderer::RenderCommand {
[INFO] [stdout]    |                                     ^^^^^^^^ could not find `renderer` in `gfx`
[INFO] [stdout] 
[INFO] [stdout] 
[INFO] [stdout] error[E0433]: failed to resolve: could not find `renderer` in `gfx`
[INFO] [stdout]    --> src/game/render.rs:107:33
[INFO] [stdout]     |
[INFO] [stdout] 107 |         self.commands.push(gfx::renderer::RenderCommand {
[INFO] [stdout]     |                                 ^^^^^^^^ could not find `renderer` in `gfx`
[INFO] [stdout] 
[INFO] [stdout] 
[INFO] [stdout] error[E0433]: failed to resolve: could not find `renderer` in `gfx`
[INFO] [stdout]    --> src/game/render.rs:130:44
[INFO] [stdout]     |
[INFO] [stdout] 130 |     pub fn commands(&mut self) -> Vec<gfx::renderer::RenderCommand> {
[INFO] [stdout]     |                                            ^^^^^^^^ could not find `renderer` in `gfx`
[INFO] [stdout] 
[INFO] [stdout] 
[INFO] [stdout] error[E0433]: failed to resolve: use of undeclared type or module `VirtualKeyCode`
[INFO] [stdout]    --> src/game/merchant.rs:153:37
[INFO] [stdout]     |
[INFO] [stdout] 153 |             if input.is_key_pressed(VirtualKeyCode::Key1) {
[INFO] [stdout]     |                                     ^^^^^^^^^^^^^^ use of undeclared type or module `VirtualKeyCode`
[INFO] [stdout] 
[INFO] [stdout] 
[INFO] [stdout] error[E0433]: failed to resolve: use of undeclared type or module `VirtualKeyCode`
[INFO] [stdout]    --> src/game/merchant.rs:162:44
[INFO] [stdout]     |
[INFO] [stdout] 162 |             } else if input.is_key_pressed(VirtualKeyCode::Key2) {
[INFO] [stdout]     |                                            ^^^^^^^^^^^^^^ use of undeclared type or module `VirtualKeyCode`
[INFO] [stdout] 
[INFO] [stdout] 
[INFO] [stdout] error[E0433]: failed to resolve: use of undeclared type or module `VirtualKeyCode`
[INFO] [stdout]    --> src/game/merchant.rs:171:44
[INFO] [stdout]     |
[INFO] [stdout] 171 |             } else if input.is_key_pressed(VirtualKeyCode::Key3) {
[INFO] [stdout]     |                                            ^^^^^^^^^^^^^^ use of undeclared type or module `VirtualKeyCode`
[INFO] [stdout] 
[INFO] [stdout] 
[INFO] [stdout] error[E0433]: failed to resolve: could not find `renderer` in `gfx`
[INFO] [stdout]   --> src/game/render.rs:18:24
[INFO] [stdout]    |
[INFO] [stdout] 18 |     commands: Vec<gfx::renderer::RenderCommand>,
[INFO] [stdout]    |                        ^^^^^^^^ could not find `renderer` in `gfx`
[INFO] [stdout] 
[INFO] [stdout] 
[INFO] [stdout] error[E0433]: failed to resolve: could not find `renderer` in `gfx`
[INFO] [stdout]   --> src/game/render.rs:56:33
[INFO] [stdout]    |
[INFO] [stdout] 56 |         self.commands.push(gfx::renderer::RenderCommand {
[INFO] [stdout]    |                                 ^^^^^^^^ could not find `renderer` in `gfx`
[INFO] [stdout] 
[INFO] [stdout] 
[INFO] [stdout] error[E0433]: failed to resolve: could not find `renderer` in `gfx`
[INFO] [stdout]   --> src/game/render.rs:78:37
[INFO] [stdout]    |
[INFO] [stdout] 78 |             self.commands.push(gfx::renderer::RenderCommand {
[INFO] [stdout]    |                                     ^^^^^^^^ could not find `renderer` in `gfx`
[INFO] [stdout] 
[INFO] [stdout] 
[INFO] [stdout] error[E0433]: failed to resolve: could not find `renderer` in `gfx`
[INFO] [stdout]    --> src/game/render.rs:107:33
[INFO] [stdout]     |
[INFO] [stdout] 107 |         self.commands.push(gfx::renderer::RenderCommand {
[INFO] [stdout]     |                                 ^^^^^^^^ could not find `renderer` in `gfx`
[INFO] [stdout] 
[INFO] [stdout] 
[INFO] [stdout] error[E0433]: failed to resolve: could not find `renderer` in `gfx`
[INFO] [stdout]    --> src/game/render.rs:130:44
[INFO] [stdout]     |
[INFO] [stdout] 130 |     pub fn commands(&mut self) -> Vec<gfx::renderer::RenderCommand> {
[INFO] [stdout]     |                                            ^^^^^^^^ could not find `renderer` in `gfx`
[INFO] [stdout] 
[INFO] [stdout] 
[INFO] [stdout] error[E0433]: failed to resolve: use of undeclared type or module `Transparency`
[INFO] [stdout]   --> src/main.rs:98:38
[INFO] [stdout]    |
[INFO] [stdout] 98 |             render.bind_transparency(Transparency::Transparent);
[INFO] [stdout]    |                                      ^^^^^^^^^^^^ use of undeclared type or module `Transparency`
[INFO] [stdout] 
[INFO] [stdout] 
[INFO] [stdout] error[E0433]: failed to resolve: use of undeclared type or module `Transparency`
[INFO] [stdout]    --> src/main.rs:105:38
[INFO] [stdout]     |
[INFO] [stdout] 105 |             render.bind_transparency(Transparency::Opaque);
[INFO] [stdout]     |                                      ^^^^^^^^^^^^ use of undeclared type or module `Transparency`
[INFO] [stdout] 
[INFO] [stdout] 
[INFO] [stdout] error[E0433]: failed to resolve: use of undeclared type or module `Transparency`
[INFO] [stdout]    --> src/main.rs:120:46
[INFO] [stdout]     |
[INFO] [stdout] 120 |                     render.bind_transparency(Transparency::Opaque);
[INFO] [stdout]     |                                              ^^^^^^^^^^^^ use of undeclared type or module `Transparency`
[INFO] [stdout] 
[INFO] [stdout] 
[INFO] [stdout] error[E0433]: failed to resolve: could not find `image` in `gfx`
[INFO] [stdout]    --> src/main.rs:139:33
[INFO] [stdout]     |
[INFO] [stdout] 139 |     let image: RgbaImage = gfx::image::open(path)
[INFO] [stdout]     |                                 ^^^^^ could not find `image` in `gfx`
[INFO] [stdout] 
[INFO] [stdout] 
[INFO] [stdout] error[E0425]: cannot find value `COLOR_BLUE` in this scope
[INFO] [stdout]    --> src/game/activity.rs:138:91
[INFO] [stdout]     |
[INFO] [stdout] 138 |             log_events.single_write(LogEvent { message: happening.message.clone(), color: COLOR_BLUE });
[INFO] [stdout]     |                                                                                           ^^^^^^^^^^ not found in this scope
[INFO] [stdout] 
[INFO] [stdout] 
[INFO] [stdout] error[E0425]: cannot find value `COLOR_BLACK` in this scope
[INFO] [stdout]    --> src/game/activity.rs:153:103
[INFO] [stdout]     |
[INFO] [stdout] 153 |                     log_events.single_write(LogEvent { message: comp.activity.message.clone(), color: COLOR_BLACK });
[INFO] [stdout]     |                                                                                                       ^^^^^^^^^^^ not found in this scope
[INFO] [stdout] 
[INFO] [stdout] 
[INFO] [stdout] error[E0425]: cannot find value `COLOR_WHITE` in this scope
[INFO] [stdout]    --> src/game/activity.rs:502:17
[INFO] [stdout]     |
[INFO] [stdout] 502 |                 COLOR_WHITE,
[INFO] [stdout]     |                 ^^^^^^^^^^^ not found in this scope
[INFO] [stdout] 
[INFO] [stdout] 
[INFO] [stdout] error[E0425]: cannot find value `COLOR_BLACK` in this scope
[INFO] [stdout]    --> src/game/activity.rs:539:31
[INFO] [stdout]     |
[INFO] [stdout] 539 |             render.bind_color(COLOR_BLACK);
[INFO] [stdout]     |                               ^^^^^^^^^^^ not found in this scope
[INFO] [stdout] 
[INFO] [stdout] 
[INFO] [stdout] error[E0425]: cannot find value `COLOR_BLACK` in this scope
[INFO] [stdout]    --> src/game/activity.rs:582:31
[INFO] [stdout]     |
[INFO] [stdout] 582 |             render.bind_color(COLOR_BLACK);
[INFO] [stdout]     |                               ^^^^^^^^^^^ not found in this scope
[INFO] [stdout] 
[INFO] [stdout] 
[INFO] [stdout] error[E0412]: cannot find type `InputState` in this scope
[INFO] [stdout]   --> src/game/clickable.rs:39:24
[INFO] [stdout]    |
[INFO] [stdout] 36 | impl<'a> System<'a> for ClickableSystem {
[INFO] [stdout]    |        - help: you might be missing a type parameter: `, InputState`
[INFO] [stdout] ...
[INFO] [stdout] 39 |         ReadExpect<'a, InputState>,
[INFO] [stdout]    |                        ^^^^^^^^^^ not found in this scope
[INFO] [stdout] 
[INFO] [stdout] 
[INFO] [stdout] error[E0412]: cannot find type `InputState` in this scope
[INFO] [stdout]   --> src/game/merchant.rs:42:24
[INFO] [stdout]    |
[INFO] [stdout] 38 | impl<'a> System<'a> for MerchantSystem {
[INFO] [stdout]    |        - help: you might be missing a type parameter: `, InputState`
[INFO] [stdout] ...
[INFO] [stdout] 42 |         ReadExpect<'a, InputState>,
[INFO] [stdout]    |                        ^^^^^^^^^^ not found in this scope
[INFO] [stdout] 
[INFO] [stdout] 
[INFO] [stdout] error[E0425]: cannot find value `COLOR_YELLOW` in this scope
[INFO] [stdout]   --> src/game/merchant.rs:67:152
[INFO] [stdout]    |
[INFO] [stdout] 67 | ...ves, looking to sell some basic goods."), color: COLOR_YELLOW });
[INFO] [stdout]    |                                                     ^^^^^^^^^^^^ not found in this scope
[INFO] [stdout] 
[INFO] [stdout] 
[INFO] [stdout] error[E0425]: cannot find value `COLOR_YELLOW` in this scope
[INFO] [stdout]   --> src/game/merchant.rs:72:138
[INFO] [stdout]    |
[INFO] [stdout] 72 | ...rchant ship sails off into the sunset."), color: COLOR_YELLOW });
[INFO] [stdout]    |                                                     ^^^^^^^^^^^^ not found in this scope
[INFO] [stdout] 
[INFO] [stdout] 
[INFO] [stdout] error[E0425]: cannot find value `COLOR_WHITE` in this scope
[INFO] [stdout]   --> src/game/merchant.rs:97:31
[INFO] [stdout]    |
[INFO] [stdout] 97 |             render.bind_color(COLOR_WHITE);
[INFO] [stdout]    |                               ^^^^^^^^^^^ not found in this scope
[INFO] [stdout] 
[INFO] [stdout] 
[INFO] [stdout] error[E0425]: cannot find value `COLOR_BLACK` in this scope
[INFO] [stdout]    --> src/game/merchant.rs:114:31
[INFO] [stdout]     |
[INFO] [stdout] 114 |             render.bind_color(COLOR_BLACK);
[INFO] [stdout]     |                               ^^^^^^^^^^^ not found in this scope
[INFO] [stdout] 
[INFO] [stdout] 
[INFO] [stdout] error[E0425]: cannot find value `COLOR_GREEN` in this scope
[INFO] [stdout]    --> src/game/merchant.rs:158:113
[INFO] [stdout]     |
[INFO] [stdout] 158 |                     log_events.single_write(LogEvent { message: String::from("You purchase some food."), color: COLOR_GREEN });
[INFO] [stdout]     |                                                                                                                 ^^^^^^^^^^^ not found in this scope
[INFO] [stdout] 
[INFO] [stdout] 
[INFO] [stdout] error[E0425]: cannot find value `COLOR_RED` in this scope
[INFO] [stdout]    --> src/game/merchant.rs:160:129
[INFO] [stdout]     |
[INFO] [stdout] 160 | ...You don't have enough money for that..."), color: COLOR_RED });
[INFO] [stdout]     |                                                      ^^^^^^^^^ not found in this scope
[INFO] [stdout] 
[INFO] [stdout] 
[INFO] [stdout] error[E0425]: cannot find value `COLOR_GREEN` in this scope
[INFO] [stdout]    --> src/game/merchant.rs:167:112
[INFO] [stdout]     |
[INFO] [stdout] 167 |                     log_events.single_write(LogEvent { message: String::from("You purchase some gas."), color: COLOR_GREEN });
[INFO] [stdout]     |                                                                                                                ^^^^^^^^^^^ not found in this scope
[INFO] [stdout] 
[INFO] [stdout] 
[INFO] [stdout] error[E0425]: cannot find value `COLOR_RED` in this scope
[INFO] [stdout]    --> src/game/merchant.rs:169:129
[INFO] [stdout]     |
[INFO] [stdout] 169 | ...You don't have enough money for that..."), color: COLOR_RED });
[INFO] [stdout]     |                                                      ^^^^^^^^^ not found in this scope
[INFO] [stdout] 
[INFO] [stdout] 
[INFO] [stdout] error[E0425]: cannot find value `COLOR_GREEN` in this scope
[INFO] [stdout]    --> src/game/merchant.rs:176:114
[INFO] [stdout]     |
[INFO] [stdout] 176 |                     log_events.single_write(LogEvent { message: String::from("You purchase some parts."), color: COLOR_GREEN });
[INFO] [stdout]     |                                                                                                                  ^^^^^^^^^^^ not found in this scope
[INFO] [stdout] 
[INFO] [stdout] 
[INFO] [stdout] error[E0425]: cannot find value `COLOR_RED` in this scope
[INFO] [stdout]    --> src/game/merchant.rs:178:129
[INFO] [stdout]     |
[INFO] [stdout] 178 | ...You don't have enough money for that..."), color: COLOR_RED });
[INFO] [stdout]     |                                                      ^^^^^^^^^ not found in this scope
[INFO] [stdout] 
[INFO] [stdout] 
[INFO] [stdout] error[E0412]: cannot find type `Color` in this scope
[INFO] [stdout]   --> src/game/render.rs:22:18
[INFO] [stdout]    |
[INFO] [stdout] 22 |     bound_color: Color,
[INFO] [stdout]    |                  ^^^^^ not found in this scope
[INFO] [stdout]    |
[INFO] [stdout] help: consider importing this struct
[INFO] [stdout]    |
[INFO] [stdout] 1  | use gfx::state::Color;
[INFO] [stdout]    |
[INFO] [stdout] 
[INFO] [stdout] 
[INFO] [stdout] error[E0412]: cannot find type `Color` in this scope
[INFO] [stdout]   --> src/game/render.rs:44:39
[INFO] [stdout]    |
[INFO] [stdout] 44 |     pub fn bind_color(&mut self, val: Color) {
[INFO] [stdout]    |                                       ^^^^^ not found in this scope
[INFO] [stdout]    |
[INFO] [stdout] help: consider importing this struct
[INFO] [stdout]    |
[INFO] [stdout] 1  | use gfx::state::Color;
[INFO] [stdout]    |
[INFO] [stdout] 
[INFO] [stdout] 
[INFO] [stdout] error[E0412]: cannot find type `SpriteRegion` in this scope
[INFO] [stdout]   --> src/game/render.rs:54:17
[INFO] [stdout]    |
[INFO] [stdout] 54 |         region: SpriteRegion,
[INFO] [stdout]    |                 ^^^^^^^^^^^^ not found in this scope
[INFO] [stdout] 
[INFO] [stdout] 
[INFO] [stdout] error[E0422]: cannot find struct, variant or union type `SpriteRegion` in this scope
[INFO] [stdout]   --> src/game/render.rs:89:29
[INFO] [stdout]    |
[INFO] [stdout] 89 |                     region: SpriteRegion {
[INFO] [stdout]    |                             ^^^^^^^^^^^^ not found in this scope
[INFO] [stdout] 
[INFO] [stdout] 
[INFO] [stdout] error[E0433]: failed to resolve: use of undeclared type or module `Color`
[INFO] [stdout]    --> src/game/render.rs:126:28
[INFO] [stdout]     |
[INFO] [stdout] 126 |         self.bound_color = Color::default();
[INFO] [stdout]     |                            ^^^^^ not found in this scope
[INFO] [stdout]     |
[INFO] [stdout] help: consider importing this struct
[INFO] [stdout]     |
[INFO] [stdout] 1   | use gfx::state::Color;
[INFO] [stdout]     |
[INFO] [stdout] 
[INFO] [stdout] 
[INFO] [stdout] error[E0412]: cannot find type `SpriteRegion` in this scope
[INFO] [stdout]    --> src/game/render.rs:137:17
[INFO] [stdout]     |
[INFO] [stdout] 137 |     pub region: SpriteRegion,
[INFO] [stdout]     |                 ^^^^^^^^^^^^ not found in this scope
[INFO] [stdout] 
[INFO] [stdout] 
[INFO] [stdout] error[E0412]: cannot find type `Color` in this scope
[INFO] [stdout]    --> src/game/render.rs:141:16
[INFO] [stdout]     |
[INFO] [stdout] 141 |     pub color: Color,
[INFO] [stdout]     |                ^^^^^ not found in this scope
[INFO] [stdout]     |
[INFO] [stdout] help: consider importing this struct
[INFO] [stdout]     |
[INFO] [stdout] 1   | use gfx::state::Color;
[INFO] [stdout]     |
[INFO] [stdout] 
[INFO] [stdout] 
[INFO] [stdout] error[E0412]: cannot find type `SpriteRegion` in this scope
[INFO] [stdout]    --> src/game/render.rs:148:17
[INFO] [stdout]     |
[INFO] [stdout] 148 |         region: SpriteRegion,
[INFO] [stdout]     |                 ^^^^^^^^^^^^ not found in this scope
[INFO] [stdout] 
[INFO] [stdout] 
[INFO] [stdout] error[E0412]: cannot find type `Color` in this scope
[INFO] [stdout]    --> src/game/render.rs:151:16
[INFO] [stdout]     |
[INFO] [stdout] 151 |         color: Color,
[INFO] [stdout]     |                ^^^^^ not found in this scope
[INFO] [stdout]     |
[INFO] [stdout] help: consider importing this struct
[INFO] [stdout]     |
[INFO] [stdout] 1   | use gfx::state::Color;
[INFO] [stdout]     |
[INFO] [stdout] 
[INFO] [stdout] 
[INFO] [stdout] error[E0425]: cannot find value `COLOR_YELLOW` in this scope
[INFO] [stdout]    --> src/game/stats.rs:115:155
[INFO] [stdout]     |
[INFO] [stdout] 115 | ...n last night! Your pay will be docked."), color: COLOR_YELLOW });
[INFO] [stdout]     |                                                     ^^^^^^^^^^^^ not found in this scope
[INFO] [stdout] 
[INFO] [stdout] 
[INFO] [stdout] error[E0425]: cannot find value `COLOR_RED` in this scope
[INFO] [stdout]    --> src/game/stats.rs:125:173
[INFO] [stdout]     |
[INFO] [stdout] 125 | ...because the lighthouse has not been on."), color: COLOR_RED });
[INFO] [stdout]     |                                                      ^^^^^^^^^ not found in this scope
[INFO] [stdout] 
[INFO] [stdout] 
[INFO] [stdout] error[E0425]: cannot find value `COLOR_GREEN` in this scope
[INFO] [stdout]    --> src/game/stats.rs:127:149
[INFO] [stdout]     |
[INFO] [stdout] 127 | ...heck for your duties. (Money +{})", amt), color: COLOR_GREEN });
[INFO] [stdout]     |                                                     ^^^^^^^^^^^ not found in this scope
[INFO] [stdout] 
[INFO] [stdout] 
[INFO] [stdout] error[E0425]: cannot find value `COLOR_RED` in this scope
[INFO] [stdout]    --> src/game/stats.rs:139:115
[INFO] [stdout]     |
[INFO] [stdout] 139 | ...                   log_events.single_write(LogEvent { message: String::from("You are starving."), color: COLOR_RED });
[INFO] [stdout]     |                                                                                                             ^^^^^^^^^ not found in this scope
[INFO] [stdout] 
[INFO] [stdout] 
[INFO] [stdout] error[E0425]: cannot find value `COLOR_BLACK` in this scope
[INFO] [stdout]    --> src/game/stats.rs:141:154
[INFO] [stdout]     |
[INFO] [stdout] 141 | ...s rations from food storage. (Food -1)"), color: COLOR_BLACK });
[INFO] [stdout]     |                                                     ^^^^^^^^^^^ not found in this scope
[INFO] [stdout] 
[INFO] [stdout] 
[INFO] [stdout] error[E0425]: cannot find value `COLOR_RED` in this scope
[INFO] [stdout]    --> src/game/stats.rs:146:129
[INFO] [stdout]     |
[INFO] [stdout] 146 | ...                   log_events.single_write(LogEvent { message: String::from("You collapse due to starvation."), color: COLOR_RED });
[INFO] [stdout]     |                                                                                                                           ^^^^^^^^^ not found in this scope
[INFO] [stdout] 
[INFO] [stdout] 
[INFO] [stdout] error[E0425]: cannot find value `COLOR_BLUE` in this scope
[INFO] [stdout]    --> src/game/stats.rs:159:129
[INFO] [stdout]     |
[INFO] [stdout] 159 | ...                   log_events.single_write(LogEvent { message: String::from("You can't make the voices stop."), color: COLOR_BLUE });
[INFO] [stdout]     |                                                                                                                           ^^^^^^^^^^ not found in this scope
[INFO] [stdout] 
[INFO] [stdout] 
[INFO] [stdout] error[E0425]: cannot find value `COLOR_RED` in this scope
[INFO] [stdout]    --> src/game/stats.rs:163:164
[INFO] [stdout]     |
[INFO] [stdout] 163 | ...hrow yourself from atop the lighthouse."), color: COLOR_RED });
[INFO] [stdout]     |                                                      ^^^^^^^^^ not found in this scope
[INFO] [stdout] 
[INFO] [stdout] 
[INFO] [stdout] error[E0425]: cannot find value `COLOR_GREEN` in this scope
[INFO] [stdout]    --> src/game/stats.rs:202:126
[INFO] [stdout]     |
[INFO] [stdout] 202 |                         log_events.single_write(LogEvent { message: String::from("You catch a huge fish! (Food +2)"), color: COLOR_GREEN });
[INFO] [stdout]     |                                                                                                                              ^^^^^^^^^^^ not found in this scope
[INFO] [stdout] 
[INFO] [stdout] 
[INFO] [stdout] error[E0425]: cannot find value `COLOR_BLACK` in this scope
[INFO] [stdout]    --> src/game/stats.rs:205:121
[INFO] [stdout]     |
[INFO] [stdout] 205 |                         log_events.single_write(LogEvent { message: String::from("You catch a fish. (Food +1)"), color: COLOR_BLACK });
[INFO] [stdout]     |                                                                                                                         ^^^^^^^^^^^ not found in this scope
[INFO] [stdout] 
[INFO] [stdout] 
[INFO] [stdout] error[E0425]: cannot find value `COLOR_RED` in this scope
[INFO] [stdout]    --> src/game/stats.rs:208:136
[INFO] [stdout]     |
[INFO] [stdout] 208 | ... try to catch a fish, but get no bites."), color: COLOR_RED });
[INFO] [stdout]     |                                                      ^^^^^^^^^ not found in this scope
[INFO] [stdout] 
[INFO] [stdout] 
[INFO] [stdout] error[E0425]: cannot find value `COLOR_WHITE` in this scope
[INFO] [stdout]    --> src/game/stats.rs:228:27
[INFO] [stdout]     |
[INFO] [stdout] 228 |         render.bind_color(COLOR_WHITE);
[INFO] [stdout]     |                           ^^^^^^^^^^^ not found in this scope
[INFO] [stdout] 
[INFO] [stdout] 
[INFO] [stdout] error[E0425]: cannot find value `COLOR_BLACK` in this scope
[INFO] [stdout]    --> src/game/stats.rs:289:27
[INFO] [stdout]     |
[INFO] [stdout] 289 |         render.bind_color(COLOR_BLACK);
[INFO] [stdout]     |                           ^^^^^^^^^^^ not found in this scope
[INFO] [stdout] 
[INFO] [stdout] 
[INFO] [stdout] error[E0425]: cannot find value `COLOR_YELLOW` in this scope
[INFO] [stdout]    --> src/game/time.rs:114:69
[INFO] [stdout]     |
[INFO] [stdout] 114 |             log_events.single_write(LogEvent { message: msg, color: COLOR_YELLOW });
[INFO] [stdout]     |                                                                     ^^^^^^^^^^^^ not found in this scope
[INFO] [stdout] 
[INFO] [stdout] 
[INFO] [stdout] error[E0425]: cannot find value `COLOR_WHITE` in this scope
[INFO] [stdout]    --> src/game/time.rs:133:27
[INFO] [stdout]     |
[INFO] [stdout] 133 |         render.bind_color(COLOR_WHITE);
[INFO] [stdout]     |                           ^^^^^^^^^^^ not found in this scope
[INFO] [stdout] 
[INFO] [stdout] 
[INFO] [stdout] error[E0425]: cannot find value `COLOR_BLACK` in this scope
[INFO] [stdout]    --> src/game/time.rs:222:27
[INFO] [stdout]     |
[INFO] [stdout] 222 |         render.bind_color(COLOR_BLACK);
[INFO] [stdout]     |                           ^^^^^^^^^^^ not found in this scope
[INFO] [stdout] 
[INFO] [stdout] 
[INFO] [stdout] error[E0412]: cannot find type `Color` in this scope
[INFO] [stdout]   --> src/game/log.rs:10:16
[INFO] [stdout]    |
[INFO] [stdout] 10 |     pub color: Color,
[INFO] [stdout]    |                ^^^^^ not found in this scope
[INFO] [stdout]    |
[INFO] [stdout] help: consider importing this struct
[INFO] [stdout]    |
[INFO] [stdout] 1  | use gfx::state::Color;
[INFO] [stdout]    |
[INFO] [stdout] 
[INFO] [stdout] 
[INFO] [stdout] error[E0425]: cannot find value `COLOR_WHITE` in this scope
[INFO] [stdout]   --> src/game/log.rs:56:47
[INFO] [stdout]    |
[INFO] [stdout] 56 |             let color = color_lerp(log.color, COLOR_WHITE, color_lerp_percent);
[INFO] [stdout]    |                                               ^^^^^^^^^^^ not found in this scope
[INFO] [stdout] 
[INFO] [stdout] 
[INFO] [stdout] error[E0433]: failed to resolve: use of undeclared type or module `Transparency`
[INFO] [stdout]   --> src/main.rs:98:38
[INFO] [stdout]    |
[INFO] [stdout] 98 |             render.bind_transparency(Transparency::Transparent);
[INFO] [stdout]    |                                      ^^^^^^^^^^^^ use of undeclared type or module `Transparency`
[INFO] [stdout] 
[INFO] [stdout] 
[INFO] [stdout] error[E0412]: cannot find type `Color` in this scope
[INFO] [stdout]    --> src/game/mod.rs:135:22
[INFO] [stdout]     |
[INFO] [stdout] 135 | fn color_lerp(start: Color, end: Color, percentage: f32) -> Color {
[INFO] [stdout]     |                      ^^^^^ not found in this scope
[INFO] [stdout]     |
[INFO] [stdout] help: consider importing this struct
[INFO] [stdout]     |
[INFO] [stdout] 14  | use gfx::state::Color;
[INFO] [stdout]     |
[INFO] [stdout] 
[INFO] [stdout] 
[INFO] [stdout] error[E0412]: cannot find type `Color` in this scope
[INFO] [stdout]    --> src/game/mod.rs:135:34
[INFO] [stdout]     |
[INFO] [stdout] 135 | fn color_lerp(start: Color, end: Color, percentage: f32) -> Color {
[INFO] [stdout]     |                                  ^^^^^ not found in this scope
[INFO] [stdout]     |
[INFO] [stdout] help: consider importing this struct
[INFO] [stdout]     |
[INFO] [stdout] 14  | use gfx::state::Color;
[INFO] [stdout]     |
[INFO] [stdout] 
[INFO] [stdout] 
[INFO] [stdout] error[E0412]: cannot find type `Color` in this scope
[INFO] [stdout]    --> src/game/mod.rs:135:61
[INFO] [stdout]     |
[INFO] [stdout] 135 | fn color_lerp(start: Color, end: Color, percentage: f32) -> Color {
[INFO] [stdout]     |                                                             ^^^^^ not found in this scope
[INFO] [stdout]     |
[INFO] [stdout] help: consider importing this struct
[INFO] [stdout]     |
[INFO] [stdout] 14  | use gfx::state::Color;
[INFO] [stdout]     |
[INFO] [stdout] 
[INFO] [stdout] 
[INFO] [stdout] error[E0433]: failed to resolve: use of undeclared type or module `Color`
[INFO] [stdout]    --> src/game/mod.rs:136:17
[INFO] [stdout]     |
[INFO] [stdout] 136 |     let mut c = Color::new(0, 0, 0, 0);
[INFO] [stdout]     |                 ^^^^^ not found in this scope
[INFO] [stdout]     |
[INFO] [stdout] help: consider importing this struct
[INFO] [stdout]     |
[INFO] [stdout] 14  | use gfx::state::Color;
[INFO] [stdout]     |
[INFO] [stdout] 
[INFO] [stdout] 
[INFO] [stdout] error[E0412]: cannot find type `DeltaTime` in this scope
[INFO] [stdout]   --> src/main.rs:73:33
[INFO] [stdout]    |
[INFO] [stdout] 73 |             game.world.insert::<DeltaTime>(dt);
[INFO] [stdout]    |                                 ^^^^^^^^^ not found in this scope
[INFO] [stdout] 
[INFO] [stdout] 
[INFO] [stdout] error[E0425]: cannot find value `COLOR_BLUE` in this scope
[INFO] [stdout]   --> src/main.rs:96:31
[INFO] [stdout]    |
[INFO] [stdout] 96 |             render.bind_color(COLOR_BLUE);
[INFO] [stdout]    |                               ^^^^^^^^^^ not found in this scope
[INFO] [stdout] 
[INFO] [stdout] 
[INFO] [stdout] error[E0425]: cannot find value `COLOR_WHITE` in this scope
[INFO] [stdout]    --> src/main.rs:103:31
[INFO] [stdout]     |
[INFO] [stdout] 103 |             render.bind_color(COLOR_WHITE);
[INFO] [stdout]     |                               ^^^^^^^^^^^ not found in this scope
[INFO] [stdout] 
[INFO] [stdout] 
[INFO] [stdout] error[E0412]: cannot find type `TextureId` in this scope
[INFO] [stdout]    --> src/main.rs:138:23
[INFO] [stdout]     |
[INFO] [stdout] 138 | fn import_texture(id: TextureId, path: &str, renderer: &mut Renderer) -> Texture {
[INFO] [stdout]     |                       ^^^^^^^^^ not found in this scope
[INFO] [stdout] 
[INFO] [stdout] 
[INFO] [stdout] error[E0412]: cannot find type `Renderer` in this scope
[INFO] [stdout]    --> src/main.rs:138:61
[INFO] [stdout]     |
[INFO] [stdout] 138 | fn import_texture(id: TextureId, path: &str, renderer: &mut Renderer) -> Texture {
[INFO] [stdout]     |                                                             ^^^^^^^^ not found in this scope
[INFO] [stdout] 
[INFO] [stdout] 
[INFO] [stdout] error[E0412]: cannot find type `Texture` in this scope
[INFO] [stdout]    --> src/main.rs:138:74
[INFO] [stdout]     |
[INFO] [stdout] 138 | fn import_texture(id: TextureId, path: &str, renderer: &mut Renderer) -> Texture {
[INFO] [stdout]     |                                                                          ^^^^^^^ not found in this scope
[INFO] [stdout]     |
[INFO] [stdout] help: consider importing this struct
[INFO] [stdout]     |
[INFO] [stdout] 3   | use gfx::handle::Texture;
[INFO] [stdout]     |
[INFO] [stdout] 
[INFO] [stdout] 
[INFO] [stdout] error[E0412]: cannot find type `RgbaImage` in this scope
[INFO] [stdout]    --> src/main.rs:139:16
[INFO] [stdout]     |
[INFO] [stdout] 139 |     let image: RgbaImage = gfx::image::open(path)
[INFO] [stdout]     |                ^^^^^^^^^ not found in this scope
[INFO] [stdout] 
[INFO] [stdout] 
[INFO] [stdout] error[E0433]: failed to resolve: use of undeclared type or module `Texture`
[INFO] [stdout]    --> src/main.rs:148:5
[INFO] [stdout]     |
[INFO] [stdout] 148 |     Texture::new(id, width, height, pixels)
[INFO] [stdout]     |     ^^^^^^^ not found in this scope
[INFO] [stdout]     |
[INFO] [stdout] help: consider importing this struct
[INFO] [stdout]     |
[INFO] [stdout] 3   | use gfx::handle::Texture;
[INFO] [stdout]     |
[INFO] [stdout] 
[INFO] [stdout] 
[INFO] [stdout] error[E0433]: failed to resolve: use of undeclared type or module `Transparency`
[INFO] [stdout]    --> src/main.rs:105:38
[INFO] [stdout]     |
[INFO] [stdout] 105 |             render.bind_transparency(Transparency::Opaque);
[INFO] [stdout]     |                                      ^^^^^^^^^^^^ use of undeclared type or module `Transparency`
[INFO] [stdout] 
[INFO] [stdout] 
[INFO] [stdout] error[E0433]: failed to resolve: use of undeclared type or module `Transparency`
[INFO] [stdout]    --> src/main.rs:120:46
[INFO] [stdout]     |
[INFO] [stdout] 120 |                     render.bind_transparency(Transparency::Opaque);
[INFO] [stdout]     |                                              ^^^^^^^^^^^^ use of undeclared type or module `Transparency`
[INFO] [stdout] 
[INFO] [stdout] 
[INFO] [stdout] warning: unused import: `physics::*`
[INFO] [stdout]  --> src/game/merchant.rs:1:19
[INFO] [stdout]   |
[INFO] [stdout] 1 | use crate::game::{physics::*, Point2d, *};
[INFO] [stdout]   |                   ^^^^^^^^^^
[INFO] [stdout]   |
[INFO] [stdout]   = note: `#[warn(unused_imports)]` on by default
[INFO] [stdout] 
[INFO] [stdout] 
[INFO] [stdout] warning: unused import: `ncollide2d::pipeline::CollisionGroups`
[INFO] [stdout]  --> src/game/merchant.rs:3:5
[INFO] [stdout]   |
[INFO] [stdout] 3 | use ncollide2d::pipeline::CollisionGroups;
[INFO] [stdout]   |     ^^^^^^^^^^^^^^^^^^^^^^^^^^^^^^^^^^^^^
[INFO] [stdout] 
[INFO] [stdout] 
[INFO] [stdout] warning: unused import: `marker::PhantomData`
[INFO] [stdout]   --> src/game/physics.rs:23:33
[INFO] [stdout]    |
[INFO] [stdout] 23 | use std::{collections::HashMap, marker::PhantomData};
[INFO] [stdout]    |                                 ^^^^^^^^^^^^^^^^^^^
[INFO] [stdout] 
[INFO] [stdout] 
[INFO] [stdout] warning: unused import: `ColliderComponent`
[INFO] [stdout]  --> src/game/render.rs:2:15
[INFO] [stdout]   |
[INFO] [stdout] 2 |     physics::{ColliderComponent, PhysicsState, RigidbodyComponent},
[INFO] [stdout]   |               ^^^^^^^^^^^^^^^^^
[INFO] [stdout] 
[INFO] [stdout] 
[INFO] [stdout] warning: unused imports: `procedural::Polyline`, `shape::Shape`, `transformation::ToPolyline`
[INFO] [stdout]   --> src/game/render.rs:12:18
[INFO] [stdout]    |
[INFO] [stdout] 12 | use ncollide2d::{procedural::Polyline, shape::Shape, transformation::ToPolyline};
[INFO] [stdout]    |                  ^^^^^^^^^^^^^^^^^^^^  ^^^^^^^^^^^^  ^^^^^^^^^^^^^^^^^^^^^^^^^^
[INFO] [stdout] 
[INFO] [stdout] 
[INFO] [stdout] warning: unused import: `std::marker::PhantomData`
[INFO] [stdout]   --> src/game/render.rs:14:5
[INFO] [stdout]    |
[INFO] [stdout] 14 | use std::marker::PhantomData;
[INFO] [stdout]    |     ^^^^^^^^^^^^^^^^^^^^^^^^
[INFO] [stdout] 
[INFO] [stdout] 
[INFO] [stdout] warning: unused import: `physics::*`
[INFO] [stdout]  --> src/game/log.rs:1:19
[INFO] [stdout]   |
[INFO] [stdout] 1 | use crate::game::{physics::*, Point2d, *};
[INFO] [stdout]   |                   ^^^^^^^^^^
[INFO] [stdout] 
[INFO] [stdout] 
[INFO] [stdout] warning: unused import: `ncollide2d::pipeline::CollisionGroups`
[INFO] [stdout]  --> src/game/log.rs:3:5
[INFO] [stdout]   |
[INFO] [stdout] 3 | use ncollide2d::pipeline::CollisionGroups;
[INFO] [stdout]   |     ^^^^^^^^^^^^^^^^^^^^^^^^^^^^^^^^^^^^^
[INFO] [stdout] 
[INFO] [stdout] 
[INFO] [stdout] warning: unused import: `rand::Rng`
[INFO] [stdout]  --> src/game/log.rs:4:5
[INFO] [stdout]   |
[INFO] [stdout] 4 | use rand::Rng;
[INFO] [stdout]   |     ^^^^^^^^^
[INFO] [stdout] 
[INFO] [stdout] 
[INFO] [stdout] warning: unused import: `layers::*`
[INFO] [stdout]   --> src/game/mod.rs:19:5
[INFO] [stdout]    |
[INFO] [stdout] 19 | use layers::*;
[INFO] [stdout]    |     ^^^^^^^^^
[INFO] [stdout] 
[INFO] [stdout] 
[INFO] [stdout] warning: unused import: `nphysics2d::object::BodyStatus`
[INFO] [stdout]   --> src/game/mod.rs:22:5
[INFO] [stdout]    |
[INFO] [stdout] 22 | use nphysics2d::object::BodyStatus;
[INFO] [stdout]    |     ^^^^^^^^^^^^^^^^^^^^^^^^^^^^^^
[INFO] [stdout] 
[INFO] [stdout] 
[INFO] [stdout] warning: unnecessary parentheses around assigned value
[INFO] [stdout]   --> src/game/mod.rs:38:40
[INFO] [stdout]    |
[INFO] [stdout] 38 | pub const PIXELS_TO_WORLD_UNITS: f64 = (1.0 / PIXELS_PER_WORLD_UNIT as f64);
[INFO] [stdout]    |                                        ^^^^^^^^^^^^^^^^^^^^^^^^^^^^^^^^^^^^ help: remove these parentheses
[INFO] [stdout]    |
[INFO] [stdout]    = note: `#[warn(unused_parens)]` on by default
[INFO] [stdout] 
[INFO] [stdout] 
[INFO] [stdout] warning: unused imports: `AudioAssetDb`, `AudioAssetId`, `resources::*`
[INFO] [stdout]  --> src/main.rs:5:13
[INFO] [stdout]   |
[INFO] [stdout] 5 |     audio::{AudioAssetDb, AudioAssetId},
[INFO] [stdout]   |             ^^^^^^^^^^^^  ^^^^^^^^^^^^
[INFO] [stdout] ...
[INFO] [stdout] 8 |     resources::*,
[INFO] [stdout]   |     ^^^^^^^^^^^^
[INFO] [stdout] 
[INFO] [stdout] 
[INFO] [stdout] warning: unused import: `texture::*`
[INFO] [stdout]   --> src/main.rs:19:5
[INFO] [stdout]    |
[INFO] [stdout] 19 |     texture::*,
[INFO] [stdout]    |     ^^^^^^^^^^
[INFO] [stdout] 
[INFO] [stdout] 
[INFO] [stdout] error[E0433]: failed to resolve: could not find `image` in `gfx`
[INFO] [stdout]    --> src/main.rs:139:33
[INFO] [stdout]     |
[INFO] [stdout] 139 |     let image: RgbaImage = gfx::image::open(path)
[INFO] [stdout]     |                                 ^^^^^ could not find `image` in `gfx`
[INFO] [stdout] 
[INFO] [stdout] 
[INFO] [stdout] error[E0425]: cannot find value `COLOR_BLUE` in this scope
[INFO] [stdout]    --> src/game/activity.rs:138:91
[INFO] [stdout]     |
[INFO] [stdout] 138 |             log_events.single_write(LogEvent { message: happening.message.clone(), color: COLOR_BLUE });
[INFO] [stdout]     |                                                                                           ^^^^^^^^^^ not found in this scope
[INFO] [stdout] 
[INFO] [stdout] 
[INFO] [stdout] error[E0425]: cannot find value `COLOR_BLACK` in this scope
[INFO] [stdout]    --> src/game/activity.rs:153:103
[INFO] [stdout]     |
[INFO] [stdout] 153 |                     log_events.single_write(LogEvent { message: comp.activity.message.clone(), color: COLOR_BLACK });
[INFO] [stdout]     |                                                                                                       ^^^^^^^^^^^ not found in this scope
[INFO] [stdout] 
[INFO] [stdout] 
[INFO] [stdout] error[E0425]: cannot find value `COLOR_WHITE` in this scope
[INFO] [stdout]    --> src/game/activity.rs:502:17
[INFO] [stdout]     |
[INFO] [stdout] 502 |                 COLOR_WHITE,
[INFO] [stdout]     |                 ^^^^^^^^^^^ not found in this scope
[INFO] [stdout] 
[INFO] [stdout] 
[INFO] [stdout] error[E0425]: cannot find value `COLOR_BLACK` in this scope
[INFO] [stdout]    --> src/game/activity.rs:539:31
[INFO] [stdout]     |
[INFO] [stdout] 539 |             render.bind_color(COLOR_BLACK);
[INFO] [stdout]     |                               ^^^^^^^^^^^ not found in this scope
[INFO] [stdout] 
[INFO] [stdout] 
[INFO] [stdout] error[E0425]: cannot find value `COLOR_BLACK` in this scope
[INFO] [stdout]    --> src/game/activity.rs:582:31
[INFO] [stdout]     |
[INFO] [stdout] 582 |             render.bind_color(COLOR_BLACK);
[INFO] [stdout]     |                               ^^^^^^^^^^^ not found in this scope
[INFO] [stdout] 
[INFO] [stdout] 
[INFO] [stdout] error[E0412]: cannot find type `InputState` in this scope
[INFO] [stdout]   --> src/game/clickable.rs:39:24
[INFO] [stdout]    |
[INFO] [stdout] 36 | impl<'a> System<'a> for ClickableSystem {
[INFO] [stdout]    |        - help: you might be missing a type parameter: `, InputState`
[INFO] [stdout] ...
[INFO] [stdout] 39 |         ReadExpect<'a, InputState>,
[INFO] [stdout]    |                        ^^^^^^^^^^ not found in this scope
[INFO] [stdout] 
[INFO] [stdout] 
[INFO] [stdout] error[E0412]: cannot find type `InputState` in this scope
[INFO] [stdout]   --> src/game/merchant.rs:42:24
[INFO] [stdout]    |
[INFO] [stdout] 38 | impl<'a> System<'a> for MerchantSystem {
[INFO] [stdout]    |        - help: you might be missing a type parameter: `, InputState`
[INFO] [stdout] ...
[INFO] [stdout] 42 |         ReadExpect<'a, InputState>,
[INFO] [stdout]    |                        ^^^^^^^^^^ not found in this scope
[INFO] [stdout] 
[INFO] [stdout] 
[INFO] [stdout] error[E0425]: cannot find value `COLOR_YELLOW` in this scope
[INFO] [stdout]   --> src/game/merchant.rs:67:152
[INFO] [stdout]    |
[INFO] [stdout] 67 | ...ves, looking to sell some basic goods."), color: COLOR_YELLOW });
[INFO] [stdout]    |                                                     ^^^^^^^^^^^^ not found in this scope
[INFO] [stdout] 
[INFO] [stdout] 
[INFO] [stdout] error[E0425]: cannot find value `COLOR_YELLOW` in this scope
[INFO] [stdout]   --> src/game/merchant.rs:72:138
[INFO] [stdout]    |
[INFO] [stdout] 72 | ...rchant ship sails off into the sunset."), color: COLOR_YELLOW });
[INFO] [stdout]    |                                                     ^^^^^^^^^^^^ not found in this scope
[INFO] [stdout] 
[INFO] [stdout] 
[INFO] [stdout] error[E0425]: cannot find value `COLOR_WHITE` in this scope
[INFO] [stdout]   --> src/game/merchant.rs:97:31
[INFO] [stdout]    |
[INFO] [stdout] 97 |             render.bind_color(COLOR_WHITE);
[INFO] [stdout]    |                               ^^^^^^^^^^^ not found in this scope
[INFO] [stdout] 
[INFO] [stdout] 
[INFO] [stdout] error[E0425]: cannot find value `COLOR_BLACK` in this scope
[INFO] [stdout]    --> src/game/merchant.rs:114:31
[INFO] [stdout]     |
[INFO] [stdout] 114 |             render.bind_color(COLOR_BLACK);
[INFO] [stdout]     |                               ^^^^^^^^^^^ not found in this scope
[INFO] [stdout] 
[INFO] [stdout] 
[INFO] [stdout] error[E0425]: cannot find value `COLOR_GREEN` in this scope
[INFO] [stdout]    --> src/game/merchant.rs:158:113
[INFO] [stdout]     |
[INFO] [stdout] 158 |                     log_events.single_write(LogEvent { message: String::from("You purchase some food."), color: COLOR_GREEN });
[INFO] [stdout]     |                                                                                                                 ^^^^^^^^^^^ not found in this scope
[INFO] [stdout] 
[INFO] [stdout] 
[INFO] [stdout] error[E0425]: cannot find value `COLOR_RED` in this scope
[INFO] [stdout]    --> src/game/merchant.rs:160:129
[INFO] [stdout]     |
[INFO] [stdout] 160 | ...You don't have enough money for that..."), color: COLOR_RED });
[INFO] [stdout]     |                                                      ^^^^^^^^^ not found in this scope
[INFO] [stdout] 
[INFO] [stdout] 
[INFO] [stdout] error[E0425]: cannot find value `COLOR_GREEN` in this scope
[INFO] [stdout]    --> src/game/merchant.rs:167:112
[INFO] [stdout]     |
[INFO] [stdout] 167 |                     log_events.single_write(LogEvent { message: String::from("You purchase some gas."), color: COLOR_GREEN });
[INFO] [stdout]     |                                                                                                                ^^^^^^^^^^^ not found in this scope
[INFO] [stdout] 
[INFO] [stdout] 
[INFO] [stdout] error[E0425]: cannot find value `COLOR_RED` in this scope
[INFO] [stdout]    --> src/game/merchant.rs:169:129
[INFO] [stdout]     |
[INFO] [stdout] 169 | ...You don't have enough money for that..."), color: COLOR_RED });
[INFO] [stdout]     |                                                      ^^^^^^^^^ not found in this scope
[INFO] [stdout] 
[INFO] [stdout] 
[INFO] [stdout] error[E0425]: cannot find value `COLOR_GREEN` in this scope
[INFO] [stdout]    --> src/game/merchant.rs:176:114
[INFO] [stdout]     |
[INFO] [stdout] 176 |                     log_events.single_write(LogEvent { message: String::from("You purchase some parts."), color: COLOR_GREEN });
[INFO] [stdout]     |                                                                                                                  ^^^^^^^^^^^ not found in this scope
[INFO] [stdout] 
[INFO] [stdout] 
[INFO] [stdout] error[E0425]: cannot find value `COLOR_RED` in this scope
[INFO] [stdout]    --> src/game/merchant.rs:178:129
[INFO] [stdout]     |
[INFO] [stdout] 178 | ...You don't have enough money for that..."), color: COLOR_RED });
[INFO] [stdout]     |                                                      ^^^^^^^^^ not found in this scope
[INFO] [stdout] 
[INFO] [stdout] 
[INFO] [stdout] error[E0412]: cannot find type `Color` in this scope
[INFO] [stdout]   --> src/game/render.rs:22:18
[INFO] [stdout]    |
[INFO] [stdout] 22 |     bound_color: Color,
[INFO] [stdout]    |                  ^^^^^ not found in this scope
[INFO] [stdout]    |
[INFO] [stdout] help: consider importing this struct
[INFO] [stdout]    |
[INFO] [stdout] 1  | use gfx::state::Color;
[INFO] [stdout]    |
[INFO] [stdout] 
[INFO] [stdout] 
[INFO] [stdout] error[E0412]: cannot find type `Color` in this scope
[INFO] [stdout]   --> src/game/render.rs:44:39
[INFO] [stdout]    |
[INFO] [stdout] 44 |     pub fn bind_color(&mut self, val: Color) {
[INFO] [stdout]    |                                       ^^^^^ not found in this scope
[INFO] [stdout]    |
[INFO] [stdout] help: consider importing this struct
[INFO] [stdout]    |
[INFO] [stdout] 1  | use gfx::state::Color;
[INFO] [stdout]    |
[INFO] [stdout] 
[INFO] [stdout] 
[INFO] [stdout] error[E0412]: cannot find type `SpriteRegion` in this scope
[INFO] [stdout]   --> src/game/render.rs:54:17
[INFO] [stdout]    |
[INFO] [stdout] 54 |         region: SpriteRegion,
[INFO] [stdout]    |                 ^^^^^^^^^^^^ not found in this scope
[INFO] [stdout] 
[INFO] [stdout] 
[INFO] [stdout] error[E0422]: cannot find struct, variant or union type `SpriteRegion` in this scope
[INFO] [stdout]   --> src/game/render.rs:89:29
[INFO] [stdout]    |
[INFO] [stdout] 89 |                     region: SpriteRegion {
[INFO] [stdout]    |                             ^^^^^^^^^^^^ not found in this scope
[INFO] [stdout] 
[INFO] [stdout] 
[INFO] [stdout] error[E0433]: failed to resolve: use of undeclared type or module `Color`
[INFO] [stdout]    --> src/game/render.rs:126:28
[INFO] [stdout]     |
[INFO] [stdout] 126 |         self.bound_color = Color::default();
[INFO] [stdout]     |                            ^^^^^ not found in this scope
[INFO] [stdout]     |
[INFO] [stdout] help: consider importing this struct
[INFO] [stdout]     |
[INFO] [stdout] 1   | use gfx::state::Color;
[INFO] [stdout]     |
[INFO] [stdout] 
[INFO] [stdout] 
[INFO] [stdout] error[E0412]: cannot find type `SpriteRegion` in this scope
[INFO] [stdout]    --> src/game/render.rs:137:17
[INFO] [stdout]     |
[INFO] [stdout] 137 |     pub region: SpriteRegion,
[INFO] [stdout]     |                 ^^^^^^^^^^^^ not found in this scope
[INFO] [stdout] 
[INFO] [stdout] 
[INFO] [stdout] error[E0412]: cannot find type `Color` in this scope
[INFO] [stdout]    --> src/game/render.rs:141:16
[INFO] [stdout]     |
[INFO] [stdout] 141 |     pub color: Color,
[INFO] [stdout]     |                ^^^^^ not found in this scope
[INFO] [stdout]     |
[INFO] [stdout] help: consider importing this struct
[INFO] [stdout]     |
[INFO] [stdout] 1   | use gfx::state::Color;
[INFO] [stdout]     |
[INFO] [stdout] 
[INFO] [stdout] 
[INFO] [stdout] error[E0412]: cannot find type `SpriteRegion` in this scope
[INFO] [stdout]    --> src/game/render.rs:148:17
[INFO] [stdout]     |
[INFO] [stdout] 148 |         region: SpriteRegion,
[INFO] [stdout]     |                 ^^^^^^^^^^^^ not found in this scope
[INFO] [stdout] 
[INFO] [stdout] 
[INFO] [stdout] error[E0412]: cannot find type `Color` in this scope
[INFO] [stdout]    --> src/game/render.rs:151:16
[INFO] [stdout]     |
[INFO] [stdout] 151 |         color: Color,
[INFO] [stdout]     |                ^^^^^ not found in this scope
[INFO] [stdout]     |
[INFO] [stdout] help: consider importing this struct
[INFO] [stdout]     |
[INFO] [stdout] 1   | use gfx::state::Color;
[INFO] [stdout]     |
[INFO] [stdout] 
[INFO] [stdout] 
[INFO] [stdout] error[E0425]: cannot find value `COLOR_YELLOW` in this scope
[INFO] [stdout]    --> src/game/stats.rs:115:155
[INFO] [stdout]     |
[INFO] [stdout] 115 | ...n last night! Your pay will be docked."), color: COLOR_YELLOW });
[INFO] [stdout]     |                                                     ^^^^^^^^^^^^ not found in this scope
[INFO] [stdout] 
[INFO] [stdout] 
[INFO] [stdout] error[E0425]: cannot find value `COLOR_RED` in this scope
[INFO] [stdout]    --> src/game/stats.rs:125:173
[INFO] [stdout]     |
[INFO] [stdout] 125 | ...because the lighthouse has not been on."), color: COLOR_RED });
[INFO] [stdout]     |                                                      ^^^^^^^^^ not found in this scope
[INFO] [stdout] 
[INFO] [stdout] 
[INFO] [stdout] error[E0425]: cannot find value `COLOR_GREEN` in this scope
[INFO] [stdout]    --> src/game/stats.rs:127:149
[INFO] [stdout]     |
[INFO] [stdout] 127 | ...heck for your duties. (Money +{})", amt), color: COLOR_GREEN });
[INFO] [stdout]     |                                                     ^^^^^^^^^^^ not found in this scope
[INFO] [stdout] 
[INFO] [stdout] 
[INFO] [stdout] error[E0425]: cannot find value `COLOR_RED` in this scope
[INFO] [stdout]    --> src/game/stats.rs:139:115
[INFO] [stdout]     |
[INFO] [stdout] 139 | ...                   log_events.single_write(LogEvent { message: String::from("You are starving."), color: COLOR_RED });
[INFO] [stdout]     |                                                                                                             ^^^^^^^^^ not found in this scope
[INFO] [stdout] 
[INFO] [stdout] 
[INFO] [stdout] error[E0425]: cannot find value `COLOR_BLACK` in this scope
[INFO] [stdout]    --> src/game/stats.rs:141:154
[INFO] [stdout]     |
[INFO] [stdout] 141 | ...s rations from food storage. (Food -1)"), color: COLOR_BLACK });
[INFO] [stdout]     |                                                     ^^^^^^^^^^^ not found in this scope
[INFO] [stdout] 
[INFO] [stdout] 
[INFO] [stdout] error[E0425]: cannot find value `COLOR_RED` in this scope
[INFO] [stdout]    --> src/game/stats.rs:146:129
[INFO] [stdout]     |
[INFO] [stdout] 146 | ...                   log_events.single_write(LogEvent { message: String::from("You collapse due to starvation."), color: COLOR_RED });
[INFO] [stdout]     |                                                                                                                           ^^^^^^^^^ not found in this scope
[INFO] [stdout] 
[INFO] [stdout] 
[INFO] [stdout] error[E0425]: cannot find value `COLOR_BLUE` in this scope
[INFO] [stdout]    --> src/game/stats.rs:159:129
[INFO] [stdout]     |
[INFO] [stdout] 159 | ...                   log_events.single_write(LogEvent { message: String::from("You can't make the voices stop."), color: COLOR_BLUE });
[INFO] [stdout]     |                                                                                                                           ^^^^^^^^^^ not found in this scope
[INFO] [stdout] 
[INFO] [stdout] 
[INFO] [stdout] error[E0425]: cannot find value `COLOR_RED` in this scope
[INFO] [stdout]    --> src/game/stats.rs:163:164
[INFO] [stdout]     |
[INFO] [stdout] 163 | ...hrow yourself from atop the lighthouse."), color: COLOR_RED });
[INFO] [stdout]     |                                                      ^^^^^^^^^ not found in this scope
[INFO] [stdout] 
[INFO] [stdout] 
[INFO] [stdout] error[E0425]: cannot find value `COLOR_GREEN` in this scope
[INFO] [stdout]    --> src/game/stats.rs:202:126
[INFO] [stdout]     |
[INFO] [stdout] 202 |                         log_events.single_write(LogEvent { message: String::from("You catch a huge fish! (Food +2)"), color: COLOR_GREEN });
[INFO] [stdout]     |                                                                                                                              ^^^^^^^^^^^ not found in this scope
[INFO] [stdout] 
[INFO] [stdout] 
[INFO] [stdout] error[E0425]: cannot find value `COLOR_BLACK` in this scope
[INFO] [stdout]    --> src/game/stats.rs:205:121
[INFO] [stdout]     |
[INFO] [stdout] 205 |                         log_events.single_write(LogEvent { message: String::from("You catch a fish. (Food +1)"), color: COLOR_BLACK });
[INFO] [stdout]     |                                                                                                                         ^^^^^^^^^^^ not found in this scope
[INFO] [stdout] 
[INFO] [stdout] 
[INFO] [stdout] error[E0425]: cannot find value `COLOR_RED` in this scope
[INFO] [stdout]    --> src/game/stats.rs:208:136
[INFO] [stdout]     |
[INFO] [stdout] 208 | ... try to catch a fish, but get no bites."), color: COLOR_RED });
[INFO] [stdout]     |                                                      ^^^^^^^^^ not found in this scope
[INFO] [stdout] 
[INFO] [stdout] 
[INFO] [stdout] error[E0425]: cannot find value `COLOR_WHITE` in this scope
[INFO] [stdout]    --> src/game/stats.rs:228:27
[INFO] [stdout]     |
[INFO] [stdout] 228 |         render.bind_color(COLOR_WHITE);
[INFO] [stdout]     |                           ^^^^^^^^^^^ not found in this scope
[INFO] [stdout] 
[INFO] [stdout] 
[INFO] [stdout] error[E0425]: cannot find value `COLOR_BLACK` in this scope
[INFO] [stdout]    --> src/game/stats.rs:289:27
[INFO] [stdout]     |
[INFO] [stdout] 289 |         render.bind_color(COLOR_BLACK);
[INFO] [stdout]     |                           ^^^^^^^^^^^ not found in this scope
[INFO] [stdout] 
[INFO] [stdout] 
[INFO] [stdout] error[E0425]: cannot find value `COLOR_YELLOW` in this scope
[INFO] [stdout]    --> src/game/time.rs:114:69
[INFO] [stdout]     |
[INFO] [stdout] 114 |             log_events.single_write(LogEvent { message: msg, color: COLOR_YELLOW });
[INFO] [stdout]     |                                                                     ^^^^^^^^^^^^ not found in this scope
[INFO] [stdout] 
[INFO] [stdout] 
[INFO] [stdout] error[E0425]: cannot find value `COLOR_WHITE` in this scope
[INFO] [stdout]    --> src/game/time.rs:133:27
[INFO] [stdout]     |
[INFO] [stdout] 133 |         render.bind_color(COLOR_WHITE);
[INFO] [stdout]     |                           ^^^^^^^^^^^ not found in this scope
[INFO] [stdout] 
[INFO] [stdout] 
[INFO] [stdout] error[E0425]: cannot find value `COLOR_BLACK` in this scope
[INFO] [stdout]    --> src/game/time.rs:222:27
[INFO] [stdout]     |
[INFO] [stdout] 222 |         render.bind_color(COLOR_BLACK);
[INFO] [stdout]     |                           ^^^^^^^^^^^ not found in this scope
[INFO] [stdout] 
[INFO] [stdout] 
[INFO] [stdout] error[E0412]: cannot find type `Color` in this scope
[INFO] [stdout]   --> src/game/log.rs:10:16
[INFO] [stdout]    |
[INFO] [stdout] 10 |     pub color: Color,
[INFO] [stdout]    |                ^^^^^ not found in this scope
[INFO] [stdout]    |
[INFO] [stdout] help: consider importing this struct
[INFO] [stdout]    |
[INFO] [stdout] 1  | use gfx::state::Color;
[INFO] [stdout]    |
[INFO] [stdout] 
[INFO] [stdout] 
[INFO] [stdout] error[E0425]: cannot find value `COLOR_WHITE` in this scope
[INFO] [stdout]   --> src/game/log.rs:56:47
[INFO] [stdout]    |
[INFO] [stdout] 56 |             let color = color_lerp(log.color, COLOR_WHITE, color_lerp_percent);
[INFO] [stdout]    |                                               ^^^^^^^^^^^ not found in this scope
[INFO] [stdout] 
[INFO] [stdout] 
[INFO] [stdout] error[E0412]: cannot find type `Color` in this scope
[INFO] [stdout]    --> src/game/mod.rs:135:22
[INFO] [stdout]     |
[INFO] [stdout] 135 | fn color_lerp(start: Color, end: Color, percentage: f32) -> Color {
[INFO] [stdout]     |                      ^^^^^ not found in this scope
[INFO] [stdout]     |
[INFO] [stdout] help: consider importing this struct
[INFO] [stdout]     |
[INFO] [stdout] 14  | use gfx::state::Color;
[INFO] [stdout]     |
[INFO] [stdout] 
[INFO] [stdout] 
[INFO] [stdout] error[E0412]: cannot find type `Color` in this scope
[INFO] [stdout]    --> src/game/mod.rs:135:34
[INFO] [stdout]     |
[INFO] [stdout] 135 | fn color_lerp(start: Color, end: Color, percentage: f32) -> Color {
[INFO] [stdout]     |                                  ^^^^^ not found in this scope
[INFO] [stdout]     |
[INFO] [stdout] help: consider importing this struct
[INFO] [stdout]     |
[INFO] [stdout] 14  | use gfx::state::Color;
[INFO] [stdout]     |
[INFO] [stdout] 
[INFO] [stdout] 
[INFO] [stdout] error[E0412]: cannot find type `Color` in this scope
[INFO] [stdout]    --> src/game/mod.rs:135:61
[INFO] [stdout]     |
[INFO] [stdout] 135 | fn color_lerp(start: Color, end: Color, percentage: f32) -> Color {
[INFO] [stdout]     |                                                             ^^^^^ not found in this scope
[INFO] [stdout]     |
[INFO] [stdout] help: consider importing this struct
[INFO] [stdout]     |
[INFO] [stdout] 14  | use gfx::state::Color;
[INFO] [stdout]     |
[INFO] [stdout] 
[INFO] [stdout] 
[INFO] [stdout] error[E0433]: failed to resolve: use of undeclared type or module `Color`
[INFO] [stdout]    --> src/game/mod.rs:136:17
[INFO] [stdout]     |
[INFO] [stdout] 136 |     let mut c = Color::new(0, 0, 0, 0);
[INFO] [stdout]     |                 ^^^^^ not found in this scope
[INFO] [stdout]     |
[INFO] [stdout] help: consider importing this struct
[INFO] [stdout]     |
[INFO] [stdout] 14  | use gfx::state::Color;
[INFO] [stdout]     |
[INFO] [stdout] 
[INFO] [stdout] 
[INFO] [stdout] error[E0412]: cannot find type `DeltaTime` in this scope
[INFO] [stdout]   --> src/main.rs:73:33
[INFO] [stdout]    |
[INFO] [stdout] 73 |             game.world.insert::<DeltaTime>(dt);
[INFO] [stdout]    |                                 ^^^^^^^^^ not found in this scope
[INFO] [stdout] 
[INFO] [stdout] 
[INFO] [stdout] error[E0425]: cannot find value `COLOR_BLUE` in this scope
[INFO] [stdout]   --> src/main.rs:96:31
[INFO] [stdout]    |
[INFO] [stdout] 96 |             render.bind_color(COLOR_BLUE);
[INFO] [stdout]    |                               ^^^^^^^^^^ not found in this scope
[INFO] [stdout] 
[INFO] [stdout] 
[INFO] [stdout] error[E0425]: cannot find value `COLOR_WHITE` in this scope
[INFO] [stdout]    --> src/main.rs:103:31
[INFO] [stdout]     |
[INFO] [stdout] 103 |             render.bind_color(COLOR_WHITE);
[INFO] [stdout]     |                               ^^^^^^^^^^^ not found in this scope
[INFO] [stdout] 
[INFO] [stdout] 
[INFO] [stdout] error[E0412]: cannot find type `TextureId` in this scope
[INFO] [stdout]    --> src/main.rs:138:23
[INFO] [stdout]     |
[INFO] [stdout] 138 | fn import_texture(id: TextureId, path: &str, renderer: &mut Renderer) -> Texture {
[INFO] [stdout]     |                       ^^^^^^^^^ not found in this scope
[INFO] [stdout] 
[INFO] [stdout] 
[INFO] [stdout] error[E0412]: cannot find type `Renderer` in this scope
[INFO] [stdout]    --> src/main.rs:138:61
[INFO] [stdout]     |
[INFO] [stdout] 138 | fn import_texture(id: TextureId, path: &str, renderer: &mut Renderer) -> Texture {
[INFO] [stdout]     |                                                             ^^^^^^^^ not found in this scope
[INFO] [stdout] 
[INFO] [stdout] 
[INFO] [stdout] error[E0412]: cannot find type `Texture` in this scope
[INFO] [stdout]    --> src/main.rs:138:74
[INFO] [stdout]     |
[INFO] [stdout] 138 | fn import_texture(id: TextureId, path: &str, renderer: &mut Renderer) -> Texture {
[INFO] [stdout]     |                                                                          ^^^^^^^ not found in this scope
[INFO] [stdout]     |
[INFO] [stdout] help: consider importing this struct
[INFO] [stdout]     |
[INFO] [stdout] 3   | use gfx::handle::Texture;
[INFO] [stdout]     |
[INFO] [stdout] 
[INFO] [stdout] 
[INFO] [stdout] error[E0412]: cannot find type `RgbaImage` in this scope
[INFO] [stdout]    --> src/main.rs:139:16
[INFO] [stdout]     |
[INFO] [stdout] 139 |     let image: RgbaImage = gfx::image::open(path)
[INFO] [stdout]     |                ^^^^^^^^^ not found in this scope
[INFO] [stdout] 
[INFO] [stdout] 
[INFO] [stdout] error[E0433]: failed to resolve: use of undeclared type or module `Texture`
[INFO] [stdout]    --> src/main.rs:148:5
[INFO] [stdout]     |
[INFO] [stdout] 148 |     Texture::new(id, width, height, pixels)
[INFO] [stdout]     |     ^^^^^^^ not found in this scope
[INFO] [stdout]     |
[INFO] [stdout] help: consider importing this struct
[INFO] [stdout]     |
[INFO] [stdout] 3   | use gfx::handle::Texture;
[INFO] [stdout]     |
[INFO] [stdout] 
[INFO] [stdout] 
[INFO] [stdout] warning: unused import: `physics::*`
[INFO] [stdout]  --> src/game/merchant.rs:1:19
[INFO] [stdout]   |
[INFO] [stdout] 1 | use crate::game::{physics::*, Point2d, *};
[INFO] [stdout]   |                   ^^^^^^^^^^
[INFO] [stdout]   |
[INFO] [stdout]   = note: `#[warn(unused_imports)]` on by default
[INFO] [stdout] 
[INFO] [stdout] 
[INFO] [stdout] warning: unused import: `ncollide2d::pipeline::CollisionGroups`
[INFO] [stdout]  --> src/game/merchant.rs:3:5
[INFO] [stdout]   |
[INFO] [stdout] 3 | use ncollide2d::pipeline::CollisionGroups;
[INFO] [stdout]   |     ^^^^^^^^^^^^^^^^^^^^^^^^^^^^^^^^^^^^^
[INFO] [stdout] 
[INFO] [stdout] 
[INFO] [stdout] warning: unused import: `marker::PhantomData`
[INFO] [stdout]   --> src/game/physics.rs:23:33
[INFO] [stdout]    |
[INFO] [stdout] 23 | use std::{collections::HashMap, marker::PhantomData};
[INFO] [stdout]    |                                 ^^^^^^^^^^^^^^^^^^^
[INFO] [stdout] 
[INFO] [stdout] 
[INFO] [stdout] warning: unused import: `ColliderComponent`
[INFO] [stdout]  --> src/game/render.rs:2:15
[INFO] [stdout]   |
[INFO] [stdout] 2 |     physics::{ColliderComponent, PhysicsState, RigidbodyComponent},
[INFO] [stdout]   |               ^^^^^^^^^^^^^^^^^
[INFO] [stdout] 
[INFO] [stdout] 
[INFO] [stdout] warning: unused imports: `procedural::Polyline`, `shape::Shape`, `transformation::ToPolyline`
[INFO] [stdout]   --> src/game/render.rs:12:18
[INFO] [stdout]    |
[INFO] [stdout] 12 | use ncollide2d::{procedural::Polyline, shape::Shape, transformation::ToPolyline};
[INFO] [stdout]    |                  ^^^^^^^^^^^^^^^^^^^^  ^^^^^^^^^^^^  ^^^^^^^^^^^^^^^^^^^^^^^^^^
[INFO] [stdout] 
[INFO] [stdout] 
[INFO] [stdout] warning: unused import: `std::marker::PhantomData`
[INFO] [stdout]   --> src/game/render.rs:14:5
[INFO] [stdout]    |
[INFO] [stdout] 14 | use std::marker::PhantomData;
[INFO] [stdout]    |     ^^^^^^^^^^^^^^^^^^^^^^^^
[INFO] [stdout] 
[INFO] [stdout] 
[INFO] [stdout] warning: unused import: `physics::*`
[INFO] [stdout]  --> src/game/log.rs:1:19
[INFO] [stdout]   |
[INFO] [stdout] 1 | use crate::game::{physics::*, Point2d, *};
[INFO] [stdout]   |                   ^^^^^^^^^^
[INFO] [stdout] 
[INFO] [stdout] 
[INFO] [stdout] warning: unused import: `ncollide2d::pipeline::CollisionGroups`
[INFO] [stdout]  --> src/game/log.rs:3:5
[INFO] [stdout]   |
[INFO] [stdout] 3 | use ncollide2d::pipeline::CollisionGroups;
[INFO] [stdout]   |     ^^^^^^^^^^^^^^^^^^^^^^^^^^^^^^^^^^^^^
[INFO] [stdout] 
[INFO] [stdout] 
[INFO] [stdout] warning: unused import: `rand::Rng`
[INFO] [stdout]  --> src/game/log.rs:4:5
[INFO] [stdout]   |
[INFO] [stdout] 4 | use rand::Rng;
[INFO] [stdout]   |     ^^^^^^^^^
[INFO] [stdout] 
[INFO] [stdout] 
[INFO] [stdout] warning: unused import: `layers::*`
[INFO] [stdout]   --> src/game/mod.rs:19:5
[INFO] [stdout]    |
[INFO] [stdout] 19 | use layers::*;
[INFO] [stdout]    |     ^^^^^^^^^
[INFO] [stdout] 
[INFO] [stdout] 
[INFO] [stdout] warning: unused import: `nphysics2d::object::BodyStatus`
[INFO] [stdout]   --> src/game/mod.rs:22:5
[INFO] [stdout]    |
[INFO] [stdout] 22 | use nphysics2d::object::BodyStatus;
[INFO] [stdout]    |     ^^^^^^^^^^^^^^^^^^^^^^^^^^^^^^
[INFO] [stdout] 
[INFO] [stdout] 
[INFO] [stdout] warning: unnecessary parentheses around assigned value
[INFO] [stdout]   --> src/game/mod.rs:38:40
[INFO] [stdout]    |
[INFO] [stdout] 38 | pub const PIXELS_TO_WORLD_UNITS: f64 = (1.0 / PIXELS_PER_WORLD_UNIT as f64);
[INFO] [stdout]    |                                        ^^^^^^^^^^^^^^^^^^^^^^^^^^^^^^^^^^^^ help: remove these parentheses
[INFO] [stdout]    |
[INFO] [stdout]    = note: `#[warn(unused_parens)]` on by default
[INFO] [stdout] 
[INFO] [stdout] 
[INFO] [stdout] warning: unused imports: `AudioAssetDb`, `AudioAssetId`, `resources::*`
[INFO] [stdout]  --> src/main.rs:5:13
[INFO] [stdout]   |
[INFO] [stdout] 5 |     audio::{AudioAssetDb, AudioAssetId},
[INFO] [stdout]   |             ^^^^^^^^^^^^  ^^^^^^^^^^^^
[INFO] [stdout] ...
[INFO] [stdout] 8 |     resources::*,
[INFO] [stdout]   |     ^^^^^^^^^^^^
[INFO] [stdout] 
[INFO] [stdout] 
[INFO] [stdout] warning: unused import: `texture::*`
[INFO] [stdout]   --> src/main.rs:19:5
[INFO] [stdout]    |
[INFO] [stdout] 19 |     texture::*,
[INFO] [stdout]    |     ^^^^^^^^^^
[INFO] [stdout] 
[INFO] [stdout] 
[INFO] [stdout] error[E0283]: type annotations needed
[INFO] [stdout]   --> src/game/render.rs:18:5
[INFO] [stdout]    |
[INFO] [stdout] 18 |     commands: Vec<gfx::renderer::RenderCommand>,
[INFO] [stdout]    |     ^^^^^^^^^^^^^^^^^^^^^^^^^^^^^^^^^^^^^^^^^^^ cannot infer type
[INFO] [stdout]    |
[INFO] [stdout]    = note: cannot satisfy `_: std::default::Default`
[INFO] [stdout]    = note: required by `std::default::Default::default`
[INFO] [stdout]    = note: this error originates in a derive macro (in Nightly builds, run with -Z macro-backtrace for more info)
[INFO] [stdout] 
[INFO] [stdout] 
[INFO] [stdout] error[E0283]: type annotations needed
[INFO] [stdout]   --> src/game/render.rs:18:5
[INFO] [stdout]    |
[INFO] [stdout] 18 |     commands: Vec<gfx::renderer::RenderCommand>,
[INFO] [stdout]    |     ^^^^^^^^^^^^^^^^^^^^^^^^^^^^^^^^^^^^^^^^^^^ cannot infer type
[INFO] [stdout]    |
[INFO] [stdout]    = note: cannot satisfy `_: std::default::Default`
[INFO] [stdout]    = note: required by `std::default::Default::default`
[INFO] [stdout]    = note: this error originates in a derive macro (in Nightly builds, run with -Z macro-backtrace for more info)
[INFO] [stdout] 
[INFO] [stdout] 
[INFO] [stdout] warning: unused import: `specs::prelude`
[INFO] [stdout]   --> src/main.rs:22:5
[INFO] [stdout]    |
[INFO] [stdout] 22 | use specs::prelude::*;
[INFO] [stdout]    |     ^^^^^^^^^^^^^^
[INFO] [stdout] 
[INFO] [stdout] 
[INFO] [stdout] warning: unused import: `specs::prelude`
[INFO] [stdout]   --> src/main.rs:22:5
[INFO] [stdout]    |
[INFO] [stdout] 22 | use specs::prelude::*;
[INFO] [stdout]    |     ^^^^^^^^^^^^^^
[INFO] [stdout] 
[INFO] [stdout] 
[INFO] [stdout] error: aborting due to 79 previous errors; 15 warnings emitted
[INFO] [stdout] 
[INFO] [stdout] 
[INFO] [stdout] Some errors have detailed explanations: E0283, E0412, E0422, E0425, E0432, E0433.
[INFO] [stdout] 
[INFO] [stdout] For more information about an error, try `rustc --explain E0283`.
[INFO] [stdout] 
[INFO] [stdout] error: aborting due to 79 previous errors; 15 warnings emitted
[INFO] [stdout] 
[INFO] [stdout] 
[INFO] [stdout] Some errors have detailed explanations: E0283, E0412, E0422, E0425, E0432, E0433.
[INFO] [stdout] 
[INFO] [stdout] For more information about an error, try `rustc --explain E0283`.
[INFO] [stdout] 
[INFO] [stderr] error: could not compile `ld46`.
[INFO] [stderr] 
[INFO] [stderr] To learn more, run the command again with --verbose.
[INFO] [stderr] warning: build failed, waiting for other jobs to finish...
[INFO] [stderr] error: build failed
[INFO] running `Command { std: "docker" "inspect" "b0c1850c5ab164d17a481bef0a98779d7a79651fd2764995077f82ff52aa9915", kill_on_drop: false }`
[INFO] running `Command { std: "docker" "rm" "-f" "b0c1850c5ab164d17a481bef0a98779d7a79651fd2764995077f82ff52aa9915", kill_on_drop: false }`
[INFO] [stdout] b0c1850c5ab164d17a481bef0a98779d7a79651fd2764995077f82ff52aa9915
